{"id":9073,"date":"2022-02-28T21:13:03","date_gmt":"2022-02-28T19:13:03","guid":{"rendered":"https:\/\/www.suviseurat.fi/2023\/?page_id=9073"},"modified":"2023-04-26T20:13:13","modified_gmt":"2023-04-26T17:13:13","slug":"jarjestavat-rauhanyhdistykset","status":"publish","type":"page","link":"https:\/\/www.suviseurat.fi/2023\/suviseurat\/jarjestavat-rauhanyhdistykset\/","title":{"rendered":"J\u00e4rjest\u00e4v\u00e4t rauhanyhdistykset"},"content":{"rendered":"\n<div class=\"wp-block-group is-layout-flow wp-block-group-is-layout-flow\"><div class=\"wp-block-group__inner-container\">\n<div class=\"wp-block-columns is-layout-flex wp-container-7 wp-block-columns-is-layout-flex\">\n<div class=\"wp-block-column is-layout-flow wp-block-column-is-layout-flow\" style=\"flex-basis:100%\">\n<div class=\"wp-block-query is-layout-flow wp-block-query-is-layout-flow\">\n<div class=\"wp-block-columns is-layout-flex wp-container-4 wp-block-columns-is-layout-flex\">\n<div class=\"wp-block-column is-layout-flow wp-block-column-is-layout-flow\" style=\"flex-basis:100%\">\n<div class=\"wp-block-group is-layout-flow wp-block-group-is-layout-flow\"><div class=\"wp-block-group__inner-container\"><ul class=\"wp-block-post-template is-layout-flow wp-block-post-template-is-layout-flow\"><li class=\"wp-block-post post-17387 post type-post status-publish format-standard hentry category-jarjestavat-rauhanyhdistykset\">\n<h2 class=\"wp-block-post-title\">J\u00e4rjest\u00e4v\u00e4t rauhanyhdistykset<\/h2>\n\n<div class=\"wp-block-post-date\"><time datetime=\"2023-04-26T19:46:20+03:00\">26.04.2023<\/time><\/div>\n\n<div class=\"wp-block-post-excerpt\"><p class=\"wp-block-post-excerpt__excerpt\">\u00a0 Kauhavan Suviseurojen j\u00e4rjest\u00e4misest\u00e4 vastaa Sein\u00e4joen Rauhanyhdistys yhdess\u00e4 kahdentoista muun rauhanyhdistyksen kanssa. J\u00e4rjestelyvastuussa ovat seuraavatJatka lukemista > <\/p><\/div>\n<\/li><\/ul><\/div><\/div>\n<\/div>\n<\/div>\n<\/div>\n<\/div>\n<\/div>\n<\/div><\/div>\n","protected":false},"excerpt":{"rendered":"","protected":false},"author":21,"featured_media":17212,"parent":74,"menu_order":5,"comment_status":"closed","ping_status":"closed","template":"","meta":{"footnotes":""},"acf":[],"yoast_head":"<!-- This site is optimized with the Yoast SEO plugin v21.4 - https:\/\/yoast.com\/wordpress\/plugins\/seo\/ -->\n<title>J\u00e4rjest\u00e4v\u00e4t rauhanyhdistykset - SRK:n Suviseurat Kauhavalla 2023<\/title>\n<meta name=\"robots\" content=\"index, follow, max-snippet:-1, max-image-preview:large, max-video-preview:-1\" \/>\n<link rel=\"canonical\" href=\"https:\/\/www.suviseurat.fi/2023\/suviseurat\/jarjestavat-rauhanyhdistykset\/\" \/>\n<meta property=\"og:locale\" content=\"fi_FI\" \/>\n<meta property=\"og:type\" content=\"article\" \/>\n<meta property=\"og:title\" content=\"J\u00e4rjest\u00e4v\u00e4t rauhanyhdistykset - SRK:n Suviseurat Kauhavalla 2023\" \/>\n<meta property=\"og:url\" content=\"https:\/\/www.suviseurat.fi/2023\/suviseurat\/jarjestavat-rauhanyhdistykset\/\" \/>\n<meta property=\"og:site_name\" content=\"SRK:n Suviseurat Kauhavalla 2023\" \/>\n<meta property=\"article:publisher\" content=\"https:\/\/www.facebook.com\/SRKryNyt\/\" \/>\n<meta property=\"article:modified_time\" content=\"2023-04-26T17:13:13+00:00\" \/>\n<meta property=\"og:image\" content=\"https:\/\/www.suviseurat.fi/2023\/wp-content\/uploads\/2022\/11\/logo_kauhava-ss2023_pysty_vari_ilman-tunnusta_20221020_200402-e1670870305614.jpg\" \/>\n\t<meta property=\"og:image:width\" content=\"800\" \/>\n\t<meta property=\"og:image:height\" content=\"807\" \/>\n\t<meta property=\"og:image:type\" content=\"image\/jpeg\" \/>\n<meta name=\"twitter:card\" content=\"summary_large_image\" \/>\n<meta name=\"twitter:site\" content=\"@Suviseurat\" \/>\n<script type=\"application\/ld+json\" class=\"yoast-schema-graph\">{\"@context\":\"https:\/\/schema.org\",\"@graph\":[{\"@type\":\"WebPage\",\"@id\":\"https:\/\/www.suviseurat.fi/2023\/suviseurat\/jarjestavat-rauhanyhdistykset\/\",\"url\":\"https:\/\/www.suviseurat.fi/2023\/suviseurat\/jarjestavat-rauhanyhdistykset\/\",\"name\":\"J\u00e4rjest\u00e4v\u00e4t rauhanyhdistykset - SRK:n Suviseurat Kauhavalla 2023\",\"isPartOf\":{\"@id\":\"https:\/\/www.suviseurat.fi/2023\/#website\"},\"datePublished\":\"2022-02-28T19:13:03+00:00\",\"dateModified\":\"2023-04-26T17:13:13+00:00\",\"breadcrumb\":{\"@id\":\"https:\/\/www.suviseurat.fi/2023\/suviseurat\/jarjestavat-rauhanyhdistykset\/#breadcrumb\"},\"inLanguage\":\"fi\",\"potentialAction\":[{\"@type\":\"ReadAction\",\"target\":[\"https:\/\/www.suviseurat.fi/2023\/suviseurat\/jarjestavat-rauhanyhdistykset\/\"]}]},{\"@type\":\"BreadcrumbList\",\"@id\":\"https:\/\/www.suviseurat.fi/2023\/suviseurat\/jarjestavat-rauhanyhdistykset\/#breadcrumb\",\"itemListElement\":[{\"@type\":\"ListItem\",\"position\":1,\"name\":\"Home\",\"item\":\"https:\/\/www.suviseurat.fi/2023\/\"},{\"@type\":\"ListItem\",\"position\":2,\"name\":\"Suviseurat\",\"item\":\"https:\/\/www.suviseurat.fi/2023\/suviseurat\/\"},{\"@type\":\"ListItem\",\"position\":3,\"name\":\"J\u00e4rjest\u00e4v\u00e4t rauhanyhdistykset\"}]},{\"@type\":\"WebSite\",\"@id\":\"https:\/\/www.suviseurat.fi/2023\/#website\",\"url\":\"https:\/\/www.suviseurat.fi/2023\/\",\"name\":\"SRK:n Suviseurat Kauhavalla 2023\",\"description\":\"Sinun sanasi on valo minun matkallani\",\"publisher\":{\"@id\":\"https:\/\/www.suviseurat.fi/2023\/#organization\"},\"potentialAction\":[{\"@type\":\"SearchAction\",\"target\":{\"@type\":\"EntryPoint\",\"urlTemplate\":\"https:\/\/www.suviseurat.fi/2023\/?s={search_term_string}\"},\"query-input\":\"required name=search_term_string\"}],\"inLanguage\":\"fi\"},{\"@type\":\"Organization\",\"@id\":\"https:\/\/www.suviseurat.fi/2023\/#organization\",\"name\":\"SRK:n Suviseurat Kauhavalla 2023\",\"url\":\"https:\/\/www.suviseurat.fi/2023\/\",\"logo\":{\"@type\":\"ImageObject\",\"inLanguage\":\"fi\",\"@id\":\"https:\/\/www.suviseurat.fi/2023\/#\/schema\/logo\/image\/\",\"url\":\"https:\/\/www.suviseurat.fi/2023\/wp-content\/uploads\/2022\/09\/cropped-Logo.jpg\",\"contentUrl\":\"https:\/\/www.suviseurat.fi/2023\/wp-content\/uploads\/2022\/09\/cropped-Logo.jpg\",\"width\":512,\"height\":512,\"caption\":\"SRK:n Suviseurat Kauhavalla 2023\"},\"image\":{\"@id\":\"https:\/\/www.suviseurat.fi/2023\/#\/schema\/logo\/image\/\"},\"sameAs\":[\"https:\/\/www.facebook.com\/SRKryNyt\/\",\"https:\/\/twitter.com\/Suviseurat\",\"https:\/\/www.facebook.com\/srksuviseurat\/\",\"https:\/\/www.youtube.com\/channel\/UC9ITFIdBi1YAUttGLGO4f3g\"]}]}<\/script>\n<!-- \/ Yoast SEO plugin. -->","yoast_head_json":{"title":"J\u00e4rjest\u00e4v\u00e4t rauhanyhdistykset - SRK:n Suviseurat Kauhavalla 2023","robots":{"index":"index","follow":"follow","max-snippet":"max-snippet:-1","max-image-preview":"max-image-preview:large","max-video-preview":"max-video-preview:-1"},"canonical":"https:\/\/www.suviseurat.fi/2023\/suviseurat\/jarjestavat-rauhanyhdistykset\/","og_locale":"fi_FI","og_type":"article","og_title":"J\u00e4rjest\u00e4v\u00e4t rauhanyhdistykset - SRK:n Suviseurat Kauhavalla 2023","og_url":"https:\/\/www.suviseurat.fi/2023\/suviseurat\/jarjestavat-rauhanyhdistykset\/","og_site_name":"SRK:n Suviseurat Kauhavalla 2023","article_publisher":"https:\/\/www.facebook.com\/SRKryNyt\/","article_modified_time":"2023-04-26T17:13:13+00:00","og_image":[{"width":800,"height":807,"url":"https:\/\/www.suviseurat.fi/2023\/wp-content\/uploads\/2022\/11\/logo_kauhava-ss2023_pysty_vari_ilman-tunnusta_20221020_200402-e1670870305614.jpg","type":"image\/jpeg"}],"twitter_card":"summary_large_image","twitter_site":"@Suviseurat","schema":{"@context":"https:\/\/schema.org","@graph":[{"@type":"WebPage","@id":"https:\/\/www.suviseurat.fi/2023\/suviseurat\/jarjestavat-rauhanyhdistykset\/","url":"https:\/\/www.suviseurat.fi/2023\/suviseurat\/jarjestavat-rauhanyhdistykset\/","name":"J\u00e4rjest\u00e4v\u00e4t rauhanyhdistykset - SRK:n Suviseurat Kauhavalla 2023","isPartOf":{"@id":"https:\/\/www.suviseurat.fi/2023\/#website"},"datePublished":"2022-02-28T19:13:03+00:00","dateModified":"2023-04-26T17:13:13+00:00","breadcrumb":{"@id":"https:\/\/www.suviseurat.fi/2023\/suviseurat\/jarjestavat-rauhanyhdistykset\/#breadcrumb"},"inLanguage":"fi","potentialAction":[{"@type":"ReadAction","target":["https:\/\/www.suviseurat.fi/2023\/suviseurat\/jarjestavat-rauhanyhdistykset\/"]}]},{"@type":"BreadcrumbList","@id":"https:\/\/www.suviseurat.fi/2023\/suviseurat\/jarjestavat-rauhanyhdistykset\/#breadcrumb","itemListElement":[{"@type":"ListItem","position":1,"name":"Home","item":"https:\/\/www.suviseurat.fi/2023\/"},{"@type":"ListItem","position":2,"name":"Suviseurat","item":"https:\/\/www.suviseurat.fi/2023\/suviseurat\/"},{"@type":"ListItem","position":3,"name":"J\u00e4rjest\u00e4v\u00e4t rauhanyhdistykset"}]},{"@type":"WebSite","@id":"https:\/\/www.suviseurat.fi/2023\/#website","url":"https:\/\/www.suviseurat.fi/2023\/","name":"SRK:n Suviseurat Kauhavalla 2023","description":"Sinun sanasi on valo minun matkallani","publisher":{"@id":"https:\/\/www.suviseurat.fi/2023\/#organization"},"potentialAction":[{"@type":"SearchAction","target":{"@type":"EntryPoint","urlTemplate":"https:\/\/www.suviseurat.fi/2023\/?s={search_term_string}"},"query-input":"required name=search_term_string"}],"inLanguage":"fi"},{"@type":"Organization","@id":"https:\/\/www.suviseurat.fi/2023\/#organization","name":"SRK:n Suviseurat Kauhavalla 2023","url":"https:\/\/www.suviseurat.fi/2023\/","logo":{"@type":"ImageObject","inLanguage":"fi","@id":"https:\/\/www.suviseurat.fi/2023\/#\/schema\/logo\/image\/","url":"https:\/\/www.suviseurat.fi/2023\/wp-content\/uploads\/2022\/09\/cropped-Logo.jpg","contentUrl":"https:\/\/www.suviseurat.fi/2023\/wp-content\/uploads\/2022\/09\/cropped-Logo.jpg","width":512,"height":512,"caption":"SRK:n Suviseurat Kauhavalla 2023"},"image":{"@id":"https:\/\/www.suviseurat.fi/2023\/#\/schema\/logo\/image\/"},"sameAs":["https:\/\/www.facebook.com\/SRKryNyt\/","https:\/\/twitter.com\/Suviseurat","https:\/\/www.facebook.com\/srksuviseurat\/","https:\/\/www.youtube.com\/channel\/UC9ITFIdBi1YAUttGLGO4f3g"]}]}},"_links":{"self":[{"href":"https:\/\/www.suviseurat.fi/2023\/wp-json\/wp\/v2\/pages\/9073"}],"collection":[{"href":"https:\/\/www.suviseurat.fi/2023\/wp-json\/wp\/v2\/pages"}],"about":[{"href":"https:\/\/www.suviseurat.fi/2023\/wp-json\/wp\/v2\/types\/page"}],"author":[{"embeddable":true,"href":"https:\/\/www.suviseurat.fi/2023\/wp-json\/wp\/v2\/users\/21"}],"replies":[{"embeddable":true,"href":"https:\/\/www.suviseurat.fi/2023\/wp-json\/wp\/v2\/comments?post=9073"}],"version-history":[{"count":6,"href":"https:\/\/www.suviseurat.fi/2023\/wp-json\/wp\/v2\/pages\/9073\/revisions"}],"predecessor-version":[{"id":17507,"href":"https:\/\/www.suviseurat.fi/2023\/wp-json\/wp\/v2\/pages\/9073\/revisions\/17507"}],"up":[{"embeddable":true,"href":"https:\/\/www.suviseurat.fi/2023\/wp-json\/wp\/v2\/pages\/74"}],"wp:featuredmedia":[{"embeddable":true,"href":"https:\/\/www.suviseurat.fi/2023\/wp-json\/wp\/v2\/media\/17212"}],"wp:attachment":[{"href":"https:\/\/www.suviseurat.fi/2023\/wp-json\/wp\/v2\/media?parent=9073"}],"curies":[{"name":"wp","href":"https:\/\/api.w.org\/{rel}","templated":true}]}}