{"id":18341,"date":"2023-06-18T21:23:41","date_gmt":"2023-06-18T18:23:41","guid":{"rendered":"https:\/\/www.suviseurat.fi/2024\/?page_id=18341"},"modified":"2024-05-26T15:38:42","modified_gmt":"2024-05-26T12:38:42","slug":"paivapysakointi","status":"publish","type":"page","link":"https:\/\/www.suviseurat.fi/2024\/liikenne\/paivapysakointi\/","title":{"rendered":"P\u00e4iv\u00e4pys\u00e4k\u00f6inti"},"content":{"rendered":"\n<h3><strong>Pys\u00e4k\u00f6intialueet p\u00e4iv\u00e4vieraille<\/strong><\/h3>\n<p>Suviseura-alueella on viisi p\u00e4iv\u00e4pys\u00e4k\u00f6intialuetta (P1-P5). Pys\u00e4k\u00f6intialueet P2-P4 sijaitsevat seurakent\u00e4n it\u00e4p\u00e4\u00e4ss\u00e4 ja P5 seurakent\u00e4n l\u00e4nsip\u00e4\u00e4ss\u00e4. P1 on varattu kutsuvieraille. Kuusamontielt\u00e4 p\u00e4in tullessa pys\u00e4k\u00f6intialueelle ohjataan ennen seura-alueelle tuloa T\u00f6rr\u00f6ntien kautta ja l\u00e4nsip\u00e4\u00e4ss\u00e4 huoltov\u00e4yl\u00e4\u00e4 pitkin. Liikenteenohjaajat opastavat pys\u00e4k\u00f6intipaikoille.<\/p>\n<p><img loading=\"lazy\" decoding=\"async\" class=\"alignnone size-full wp-image-18342\" src=\"https:\/\/www.suviseurat.fi/2024\/wp-content\/uploads\/2023\/06\/P-opaste.png\" alt=\"\" width=\"184\" height=\"188\" \/><\/p>\n<p>Liikuntaesteisten p\u00e4iv\u00e4pys\u00e4k\u00f6intialue sijaitsee linja-autoaseman reunassa keskuskent\u00e4n laidassa. Pys\u00e4k\u00f6intialueelle tullaan ja sielt\u00e4 poistutaan Lent\u00e4j\u00e4ntien kautta. Alue l\u00f6ytyy seuraamalla ensin INVA-opastetta ja t\u00e4m\u00e4n j\u00e4lkeen P-inva-opastetta.<\/p>\n<p><img loading=\"lazy\" decoding=\"async\" class=\"alignnone size-full wp-image-18128\" src=\"https:\/\/www.suviseurat.fi/2024\/wp-content\/uploads\/2023\/06\/inva.png\" alt=\"\" width=\"221\" height=\"234\" \/><\/p>\n<p>\u00a0<\/p>\n<h3><strong>P\u00e4iv\u00e4pys\u00e4k\u00f6innin maksaminen<\/strong><\/h3>\n<p>P\u00e4iv\u00e4pys\u00e4k\u00f6innin hinta on 5 \u20ac.<\/p>\n<p>Maksun voi suorittaa<\/p>\n<ul>\n<li>MobilePay-maksuna numeroon <a href=\"https:\/\/mobilepay.fi\/Yrityksille\/Maksulinkki\/maksulinkki-vastaus?phone=10307\" target=\"_blank\" rel=\"noopener\">10307<\/a><\/li>\n<li>Suviseurojen <a href=\"https:\/\/kenttamaksu.suviseurat.fi\/\">verkkokaupassa<\/a><\/li>\n<li>keskuskent\u00e4n kentt\u00e4maksupisteess\u00e4.<\/li>\n<\/ul>\n<p>Kuitti maksusta tulee s\u00e4ilytt\u00e4\u00e4. Erillist\u00e4 lipuketta ei tarvitse tulostaa. P\u00e4iv\u00e4parkki- ja kentt\u00e4maksuja ker\u00e4t\u00e4\u00e4n Suviseurojen rakentamis- ja j\u00e4rjestelykustannusten kattamiseksi.<\/p>\n<p>\u00a0<\/p>\n","protected":false},"excerpt":{"rendered":"<p>Pys\u00e4k\u00f6intialueet p\u00e4iv\u00e4vieraille Suviseura-alueella on viisi p\u00e4iv\u00e4pys\u00e4k\u00f6intialuetta (P1-P5). Pys\u00e4k\u00f6intialueet P2-P4 sijaitsevat seurakent\u00e4n it\u00e4p\u00e4\u00e4ss\u00e4 ja P5 seurakent\u00e4n<a class=\"moretag\" href=\"https:\/\/www.suviseurat.fi/2024\/liikenne\/paivapysakointi\/\">Jatka lukemista ><\/a><\/p>\n","protected":false},"author":28,"featured_media":0,"parent":4199,"menu_order":6,"comment_status":"closed","ping_status":"closed","template":"","meta":{"_acf_changed":false,"footnotes":""},"class_list":["post-18341","page","type-page","status-publish","hentry"],"acf":[],"yoast_head":"<!-- This site is optimized with the Yoast SEO plugin v23.3 - https:\/\/yoast.com\/wordpress\/plugins\/seo\/ -->\n<title>P\u00e4iv\u00e4pys\u00e4k\u00f6inti - SRK:n Suviseurat Pudasj\u00e4rvell\u00e4 2024<\/title>\n<meta name=\"description\" content=\"Pys\u00e4k\u00f6intialueet p\u00e4iv\u00e4vieraille Suviseura-alueella on viisi p\u00e4iv\u00e4pys\u00e4k\u00f6intialuetta (P1-P5). Pys\u00e4k\u00f6intialueet P2-P4 sijaitsevat seurakent\u00e4n it\u00e4p\u00e4\u00e4ss\u00e4 ja P5\" \/>\n<meta name=\"robots\" content=\"index, follow, max-snippet:-1, max-image-preview:large, max-video-preview:-1\" \/>\n<link rel=\"canonical\" href=\"https:\/\/www.suviseurat.fi/2024\/liikenne\/paivapysakointi\/\" \/>\n<meta property=\"og:locale\" content=\"fi_FI\" \/>\n<meta property=\"og:type\" content=\"article\" \/>\n<meta property=\"og:title\" content=\"P\u00e4iv\u00e4pys\u00e4k\u00f6inti - SRK:n Suviseurat Pudasj\u00e4rvell\u00e4 2024\" \/>\n<meta property=\"og:description\" content=\"Pys\u00e4k\u00f6intialueet p\u00e4iv\u00e4vieraille Suviseura-alueella on viisi p\u00e4iv\u00e4pys\u00e4k\u00f6intialuetta (P1-P5). Pys\u00e4k\u00f6intialueet P2-P4 sijaitsevat seurakent\u00e4n it\u00e4p\u00e4\u00e4ss\u00e4 ja P5\" \/>\n<meta property=\"og:url\" content=\"https:\/\/www.suviseurat.fi/2024\/liikenne\/paivapysakointi\/\" \/>\n<meta property=\"og:site_name\" content=\"SRK:n Suviseurat Pudasj\u00e4rvell\u00e4 2024\" \/>\n<meta property=\"article:publisher\" content=\"https:\/\/www.facebook.com\/SRKryNyt\/\" \/>\n<meta property=\"article:modified_time\" content=\"2024-05-26T12:38:42+00:00\" \/>\n<meta property=\"og:image\" content=\"https:\/\/www.suviseurat.fi/2024\/wp-content\/uploads\/2023\/06\/P-opaste.png\" \/>\n<meta name=\"twitter:card\" content=\"summary_large_image\" \/>\n<meta name=\"twitter:site\" content=\"@Suviseurat\" \/>\n<meta name=\"twitter:label1\" content=\"Arvioitu lukuaika\" \/>\n\t<meta name=\"twitter:data1\" content=\"1 minuutti\" \/>\n<script type=\"application\/ld+json\" class=\"yoast-schema-graph\">{\"@context\":\"https:\/\/schema.org\",\"@graph\":[{\"@type\":\"WebPage\",\"@id\":\"https:\/\/www.suviseurat.fi/2024\/liikenne\/paivapysakointi\/\",\"url\":\"https:\/\/www.suviseurat.fi/2024\/liikenne\/paivapysakointi\/\",\"name\":\"P\u00e4iv\u00e4pys\u00e4k\u00f6inti - SRK:n Suviseurat Pudasj\u00e4rvell\u00e4 2024\",\"isPartOf\":{\"@id\":\"https:\/\/www.suviseurat.fi/2024\/#website\"},\"primaryImageOfPage\":{\"@id\":\"https:\/\/www.suviseurat.fi/2024\/liikenne\/paivapysakointi\/#primaryimage\"},\"image\":{\"@id\":\"https:\/\/www.suviseurat.fi/2024\/liikenne\/paivapysakointi\/#primaryimage\"},\"thumbnailUrl\":\"https:\/\/www.suviseurat.fi/2024\/wp-content\/uploads\/2023\/06\/P-opaste.png\",\"datePublished\":\"2023-06-18T18:23:41+00:00\",\"dateModified\":\"2024-05-26T12:38:42+00:00\",\"description\":\"Pys\u00e4k\u00f6intialueet p\u00e4iv\u00e4vieraille Suviseura-alueella on viisi p\u00e4iv\u00e4pys\u00e4k\u00f6intialuetta (P1-P5). Pys\u00e4k\u00f6intialueet P2-P4 sijaitsevat seurakent\u00e4n it\u00e4p\u00e4\u00e4ss\u00e4 ja P5\",\"breadcrumb\":{\"@id\":\"https:\/\/www.suviseurat.fi/2024\/liikenne\/paivapysakointi\/#breadcrumb\"},\"inLanguage\":\"fi\",\"potentialAction\":[{\"@type\":\"ReadAction\",\"target\":[\"https:\/\/www.suviseurat.fi/2024\/liikenne\/paivapysakointi\/\"]}]},{\"@type\":\"ImageObject\",\"inLanguage\":\"fi\",\"@id\":\"https:\/\/www.suviseurat.fi/2024\/liikenne\/paivapysakointi\/#primaryimage\",\"url\":\"https:\/\/www.suviseurat.fi/2024\/wp-content\/uploads\/2023\/06\/P-opaste.png\",\"contentUrl\":\"https:\/\/www.suviseurat.fi/2024\/wp-content\/uploads\/2023\/06\/P-opaste.png\",\"width\":184,\"height\":188},{\"@type\":\"BreadcrumbList\",\"@id\":\"https:\/\/www.suviseurat.fi/2024\/liikenne\/paivapysakointi\/#breadcrumb\",\"itemListElement\":[{\"@type\":\"ListItem\",\"position\":1,\"name\":\"Etusivu\",\"item\":\"https:\/\/www.suviseurat.fi/2024\/\"},{\"@type\":\"ListItem\",\"position\":2,\"name\":\"Liikenne\",\"item\":\"https:\/\/www.suviseurat.fi/2024\/liikenne\/\"},{\"@type\":\"ListItem\",\"position\":3,\"name\":\"P\u00e4iv\u00e4pys\u00e4k\u00f6inti\"}]},{\"@type\":\"WebSite\",\"@id\":\"https:\/\/www.suviseurat.fi/2024\/#website\",\"url\":\"https:\/\/www.suviseurat.fi/2024\/\",\"name\":\"SRK:n Suviseurat Pudasj\u00e4rvell\u00e4 2024\",\"description\":\"Olenko min\u00e4 sinulle rakas?\",\"publisher\":{\"@id\":\"https:\/\/www.suviseurat.fi/2024\/#organization\"},\"potentialAction\":[{\"@type\":\"SearchAction\",\"target\":{\"@type\":\"EntryPoint\",\"urlTemplate\":\"https:\/\/www.suviseurat.fi/2024\/?s={search_term_string}\"},\"query-input\":\"required name=search_term_string\"}],\"inLanguage\":\"fi\"},{\"@type\":\"Organization\",\"@id\":\"https:\/\/www.suviseurat.fi/2024\/#organization\",\"name\":\"Suviseurat\",\"url\":\"https:\/\/www.suviseurat.fi/2024\/\",\"logo\":{\"@type\":\"ImageObject\",\"inLanguage\":\"fi\",\"@id\":\"https:\/\/www.suviseurat.fi/2024\/#\/schema\/logo\/image\/\",\"url\":\"https:\/\/www.suviseurat.fi/2024\/wp-content\/uploads\/2023\/10\/tunnus-nelio.jpg\",\"contentUrl\":\"https:\/\/www.suviseurat.fi/2024\/wp-content\/uploads\/2023\/10\/tunnus-nelio.jpg\",\"width\":1000,\"height\":1000,\"caption\":\"Suviseurat\"},\"image\":{\"@id\":\"https:\/\/www.suviseurat.fi/2024\/#\/schema\/logo\/image\/\"},\"sameAs\":[\"https:\/\/www.facebook.com\/SRKryNyt\/\",\"https:\/\/x.com\/Suviseurat\",\"https:\/\/www.facebook.com\/srksuviseurat\/\",\"https:\/\/www.youtube.com\/@SRKnyt\",\"https:\/\/www.instagram.com\/srk_nyt\/\",\"https:\/\/www.flickr.com\/photos\/suviseurat\"]}]}<\/script>\n<!-- \/ Yoast SEO plugin. -->","yoast_head_json":{"title":"P\u00e4iv\u00e4pys\u00e4k\u00f6inti - SRK:n Suviseurat Pudasj\u00e4rvell\u00e4 2024","description":"Pys\u00e4k\u00f6intialueet p\u00e4iv\u00e4vieraille Suviseura-alueella on viisi p\u00e4iv\u00e4pys\u00e4k\u00f6intialuetta (P1-P5). Pys\u00e4k\u00f6intialueet P2-P4 sijaitsevat seurakent\u00e4n it\u00e4p\u00e4\u00e4ss\u00e4 ja P5","robots":{"index":"index","follow":"follow","max-snippet":"max-snippet:-1","max-image-preview":"max-image-preview:large","max-video-preview":"max-video-preview:-1"},"canonical":"https:\/\/www.suviseurat.fi/2024\/liikenne\/paivapysakointi\/","og_locale":"fi_FI","og_type":"article","og_title":"P\u00e4iv\u00e4pys\u00e4k\u00f6inti - SRK:n Suviseurat Pudasj\u00e4rvell\u00e4 2024","og_description":"Pys\u00e4k\u00f6intialueet p\u00e4iv\u00e4vieraille Suviseura-alueella on viisi p\u00e4iv\u00e4pys\u00e4k\u00f6intialuetta (P1-P5). Pys\u00e4k\u00f6intialueet P2-P4 sijaitsevat seurakent\u00e4n it\u00e4p\u00e4\u00e4ss\u00e4 ja P5","og_url":"https:\/\/www.suviseurat.fi/2024\/liikenne\/paivapysakointi\/","og_site_name":"SRK:n Suviseurat Pudasj\u00e4rvell\u00e4 2024","article_publisher":"https:\/\/www.facebook.com\/SRKryNyt\/","article_modified_time":"2024-05-26T12:38:42+00:00","og_image":[{"url":"https:\/\/www.suviseurat.fi/2024\/wp-content\/uploads\/2023\/06\/P-opaste.png"}],"twitter_card":"summary_large_image","twitter_site":"@Suviseurat","twitter_misc":{"Arvioitu lukuaika":"1 minuutti"},"schema":{"@context":"https:\/\/schema.org","@graph":[{"@type":"WebPage","@id":"https:\/\/www.suviseurat.fi/2024\/liikenne\/paivapysakointi\/","url":"https:\/\/www.suviseurat.fi/2024\/liikenne\/paivapysakointi\/","name":"P\u00e4iv\u00e4pys\u00e4k\u00f6inti - SRK:n Suviseurat Pudasj\u00e4rvell\u00e4 2024","isPartOf":{"@id":"https:\/\/www.suviseurat.fi/2024\/#website"},"primaryImageOfPage":{"@id":"https:\/\/www.suviseurat.fi/2024\/liikenne\/paivapysakointi\/#primaryimage"},"image":{"@id":"https:\/\/www.suviseurat.fi/2024\/liikenne\/paivapysakointi\/#primaryimage"},"thumbnailUrl":"https:\/\/www.suviseurat.fi/2024\/wp-content\/uploads\/2023\/06\/P-opaste.png","datePublished":"2023-06-18T18:23:41+00:00","dateModified":"2024-05-26T12:38:42+00:00","description":"Pys\u00e4k\u00f6intialueet p\u00e4iv\u00e4vieraille Suviseura-alueella on viisi p\u00e4iv\u00e4pys\u00e4k\u00f6intialuetta (P1-P5). Pys\u00e4k\u00f6intialueet P2-P4 sijaitsevat seurakent\u00e4n it\u00e4p\u00e4\u00e4ss\u00e4 ja P5","breadcrumb":{"@id":"https:\/\/www.suviseurat.fi/2024\/liikenne\/paivapysakointi\/#breadcrumb"},"inLanguage":"fi","potentialAction":[{"@type":"ReadAction","target":["https:\/\/www.suviseurat.fi/2024\/liikenne\/paivapysakointi\/"]}]},{"@type":"ImageObject","inLanguage":"fi","@id":"https:\/\/www.suviseurat.fi/2024\/liikenne\/paivapysakointi\/#primaryimage","url":"https:\/\/www.suviseurat.fi/2024\/wp-content\/uploads\/2023\/06\/P-opaste.png","contentUrl":"https:\/\/www.suviseurat.fi/2024\/wp-content\/uploads\/2023\/06\/P-opaste.png","width":184,"height":188},{"@type":"BreadcrumbList","@id":"https:\/\/www.suviseurat.fi/2024\/liikenne\/paivapysakointi\/#breadcrumb","itemListElement":[{"@type":"ListItem","position":1,"name":"Etusivu","item":"https:\/\/www.suviseurat.fi/2024\/"},{"@type":"ListItem","position":2,"name":"Liikenne","item":"https:\/\/www.suviseurat.fi/2024\/liikenne\/"},{"@type":"ListItem","position":3,"name":"P\u00e4iv\u00e4pys\u00e4k\u00f6inti"}]},{"@type":"WebSite","@id":"https:\/\/www.suviseurat.fi/2024\/#website","url":"https:\/\/www.suviseurat.fi/2024\/","name":"SRK:n Suviseurat Pudasj\u00e4rvell\u00e4 2024","description":"Olenko min\u00e4 sinulle rakas?","publisher":{"@id":"https:\/\/www.suviseurat.fi/2024\/#organization"},"potentialAction":[{"@type":"SearchAction","target":{"@type":"EntryPoint","urlTemplate":"https:\/\/www.suviseurat.fi/2024\/?s={search_term_string}"},"query-input":"required name=search_term_string"}],"inLanguage":"fi"},{"@type":"Organization","@id":"https:\/\/www.suviseurat.fi/2024\/#organization","name":"Suviseurat","url":"https:\/\/www.suviseurat.fi/2024\/","logo":{"@type":"ImageObject","inLanguage":"fi","@id":"https:\/\/www.suviseurat.fi/2024\/#\/schema\/logo\/image\/","url":"https:\/\/www.suviseurat.fi/2024\/wp-content\/uploads\/2023\/10\/tunnus-nelio.jpg","contentUrl":"https:\/\/www.suviseurat.fi/2024\/wp-content\/uploads\/2023\/10\/tunnus-nelio.jpg","width":1000,"height":1000,"caption":"Suviseurat"},"image":{"@id":"https:\/\/www.suviseurat.fi/2024\/#\/schema\/logo\/image\/"},"sameAs":["https:\/\/www.facebook.com\/SRKryNyt\/","https:\/\/x.com\/Suviseurat","https:\/\/www.facebook.com\/srksuviseurat\/","https:\/\/www.youtube.com\/@SRKnyt","https:\/\/www.instagram.com\/srk_nyt\/","https:\/\/www.flickr.com\/photos\/suviseurat"]}]}},"_links":{"self":[{"href":"https:\/\/www.suviseurat.fi/2024\/wp-json\/wp\/v2\/pages\/18341"}],"collection":[{"href":"https:\/\/www.suviseurat.fi/2024\/wp-json\/wp\/v2\/pages"}],"about":[{"href":"https:\/\/www.suviseurat.fi/2024\/wp-json\/wp\/v2\/types\/page"}],"author":[{"embeddable":true,"href":"https:\/\/www.suviseurat.fi/2024\/wp-json\/wp\/v2\/users\/28"}],"replies":[{"embeddable":true,"href":"https:\/\/www.suviseurat.fi/2024\/wp-json\/wp\/v2\/comments?post=18341"}],"version-history":[{"count":4,"href":"https:\/\/www.suviseurat.fi/2024\/wp-json\/wp\/v2\/pages\/18341\/revisions"}],"predecessor-version":[{"id":19920,"href":"https:\/\/www.suviseurat.fi/2024\/wp-json\/wp\/v2\/pages\/18341\/revisions\/19920"}],"up":[{"embeddable":true,"href":"https:\/\/www.suviseurat.fi/2024\/wp-json\/wp\/v2\/pages\/4199"}],"wp:attachment":[{"href":"https:\/\/www.suviseurat.fi/2024\/wp-json\/wp\/v2\/media?parent=18341"}],"curies":[{"name":"wp","href":"https:\/\/api.w.org\/{rel}","templated":true}]}}