{"id":3106,"date":"2024-05-14T15:17:32","date_gmt":"2024-05-14T12:17:32","guid":{"rendered":"https:\/\/www.suviseurat.fi/2024\/?page_id=3106"},"modified":"2024-05-14T15:17:33","modified_gmt":"2024-05-14T12:17:33","slug":"puhelimen-latauspiste","status":"publish","type":"page","link":"https:\/\/www.suviseurat.fi/2024\/palvelut\/puhelimen-latauspiste\/","title":{"rendered":"Puhelimen latauspiste"},"content":{"rendered":"<h3>Aukioloajat<\/h3>\n<table style=\"width: 34.762%\">\n<tbody>\n<tr>\n<td style=\"width: 20.5056%\"><strong>Puhelimen latauspiste<\/strong><\/td>\n<td style=\"width: 14.2356%\"><\/td>\n<\/tr>\n<tr>\n<td style=\"width: 20.5056%\">keskiviikko<\/td>\n<td style=\"width: 14.2356%\">klo 12\u201322<\/td>\n<\/tr>\n<tr>\n<td style=\"width: 20.5056%\">torstai\u2013lauantai<\/td>\n<td style=\"width: 14.2356%\">klo 10\u201322<\/td>\n<\/tr>\n<tr>\n<td style=\"width: 20.5056%\">sunnuntai<\/td>\n<td style=\"width: 14.2356%\">klo 11\u201322<\/td>\n<\/tr>\n<tr>\n<td style=\"width: 20.5056%\">maanantai<\/td>\n<td style=\"width: 14.2356%\">klo 10\u201315<\/td>\n<\/tr>\n<\/tbody>\n<\/table>\n<p><span style=\"font-weight: 400\">Matkapuhelimia voi ladata j\u00e4\u00e4tel\u00f6myynnin yhteydess\u00e4 keskiviikosta alkaen.<\/span><\/p>\n<p>Lataus tapahtuu asiakkaan omalla laturilla. Latausmaksu 2 \u20ac. Latausaika noin 2 tuntia. Puhelin on sammutettava latauksen ajaksi.<\/p>\n<p><span style=\"font-weight: 400\">Matkapuhelinverkoissa voi ajoittain esiinty\u00e4 ylikuormitusta, jolloin puhelut eiv\u00e4t yhdisty tai viestit v\u00e4lity (\u201cverkko varattu\u201d). V\u00e4lt\u00e4 matkapuhelimen tarpeetonta k\u00e4ytt\u00f6\u00e4, etenkin videoiden lataamista ja l\u00e4hett\u00e4mist\u00e4. Videoiden aiheuttama kuormitus verkolle on suuri. Mik\u00e4li mahdollista, pyri soittamisen sijaan k\u00e4ytt\u00e4m\u00e4\u00e4n tekstiviestej\u00e4 tai WhatsApp-viestej\u00e4. <strong>Seuravieraiden toivotaan v\u00e4ltt\u00e4v\u00e4n seurateltasta l\u00e4hetett\u00e4vien striimausten katsomista seura-alueella matkapuhelinverkon ylikuormittumisen vuoksi.<\/strong><\/span><\/p>\n<p><span style=\"font-weight: 400\">H\u00e4t\u00e4numeron k\u00e4ytt\u00f6 muuhun kuin h\u00e4t\u00e4puhelun soittamiseen on ehdottomasti kielletty.\u00a0<\/span><\/p>\n","protected":false},"excerpt":{"rendered":"<p>Aukioloajat Puhelimen latauspiste keskiviikko klo 12\u201322 torstai\u2013lauantai klo 10\u201322 sunnuntai klo 11\u201322 maanantai klo 10\u201315<a class=\"moretag\" href=\"https:\/\/www.suviseurat.fi/2024\/palvelut\/puhelimen-latauspiste\/\">Jatka lukemista ><\/a><\/p>\n","protected":false},"author":19,"featured_media":0,"parent":857,"menu_order":6,"comment_status":"closed","ping_status":"closed","template":"","meta":{"_acf_changed":false,"footnotes":""},"class_list":["post-3106","page","type-page","status-publish","hentry"],"acf":[],"yoast_head":"<!-- This site is optimized with the Yoast SEO plugin v23.3 - https:\/\/yoast.com\/wordpress\/plugins\/seo\/ -->\n<title>Puhelimen latauspiste - SRK:n Suviseurat Pudasj\u00e4rvell\u00e4 2024<\/title>\n<meta name=\"description\" content=\"Aukioloajat Puhelimen latauspiste keskiviikko klo 12\u201322 torstai\u2013lauantai klo 10\u201322 sunnuntai klo 11\u201322 maanantai klo 10\u201315 Matkapuhelimia voi ladata\" \/>\n<meta name=\"robots\" content=\"index, follow, max-snippet:-1, max-image-preview:large, max-video-preview:-1\" \/>\n<link rel=\"canonical\" href=\"https:\/\/www.suviseurat.fi/2024\/palvelut\/puhelimen-latauspiste\/\" \/>\n<meta property=\"og:locale\" content=\"fi_FI\" \/>\n<meta property=\"og:type\" content=\"article\" \/>\n<meta property=\"og:title\" content=\"Puhelimen latauspiste - SRK:n Suviseurat Pudasj\u00e4rvell\u00e4 2024\" \/>\n<meta property=\"og:description\" content=\"Aukioloajat Puhelimen latauspiste keskiviikko klo 12\u201322 torstai\u2013lauantai klo 10\u201322 sunnuntai klo 11\u201322 maanantai klo 10\u201315 Matkapuhelimia voi ladata\" \/>\n<meta property=\"og:url\" content=\"https:\/\/www.suviseurat.fi/2024\/palvelut\/puhelimen-latauspiste\/\" \/>\n<meta property=\"og:site_name\" content=\"SRK:n Suviseurat Pudasj\u00e4rvell\u00e4 2024\" \/>\n<meta property=\"article:publisher\" content=\"https:\/\/www.facebook.com\/SRKryNyt\/\" \/>\n<meta property=\"article:modified_time\" content=\"2024-05-14T12:17:33+00:00\" \/>\n<meta name=\"twitter:card\" content=\"summary_large_image\" \/>\n<meta name=\"twitter:site\" content=\"@Suviseurat\" \/>\n<meta name=\"twitter:label1\" content=\"Arvioitu lukuaika\" \/>\n\t<meta name=\"twitter:data1\" content=\"1 minuutti\" \/>\n<script type=\"application\/ld+json\" class=\"yoast-schema-graph\">{\"@context\":\"https:\/\/schema.org\",\"@graph\":[{\"@type\":\"WebPage\",\"@id\":\"https:\/\/www.suviseurat.fi/2024\/palvelut\/puhelimen-latauspiste\/\",\"url\":\"https:\/\/www.suviseurat.fi/2024\/palvelut\/puhelimen-latauspiste\/\",\"name\":\"Puhelimen latauspiste - SRK:n Suviseurat Pudasj\u00e4rvell\u00e4 2024\",\"isPartOf\":{\"@id\":\"https:\/\/www.suviseurat.fi/2024\/#website\"},\"datePublished\":\"2024-05-14T12:17:32+00:00\",\"dateModified\":\"2024-05-14T12:17:33+00:00\",\"description\":\"Aukioloajat Puhelimen latauspiste keskiviikko klo 12\u201322 torstai\u2013lauantai klo 10\u201322 sunnuntai klo 11\u201322 maanantai klo 10\u201315 Matkapuhelimia voi ladata\",\"breadcrumb\":{\"@id\":\"https:\/\/www.suviseurat.fi/2024\/palvelut\/puhelimen-latauspiste\/#breadcrumb\"},\"inLanguage\":\"fi\",\"potentialAction\":[{\"@type\":\"ReadAction\",\"target\":[\"https:\/\/www.suviseurat.fi/2024\/palvelut\/puhelimen-latauspiste\/\"]}]},{\"@type\":\"BreadcrumbList\",\"@id\":\"https:\/\/www.suviseurat.fi/2024\/palvelut\/puhelimen-latauspiste\/#breadcrumb\",\"itemListElement\":[{\"@type\":\"ListItem\",\"position\":1,\"name\":\"Etusivu\",\"item\":\"https:\/\/www.suviseurat.fi/2024\/\"},{\"@type\":\"ListItem\",\"position\":2,\"name\":\"Palvelut\",\"item\":\"https:\/\/www.suviseurat.fi/2024\/palvelut\/\"},{\"@type\":\"ListItem\",\"position\":3,\"name\":\"Puhelimen latauspiste\"}]},{\"@type\":\"WebSite\",\"@id\":\"https:\/\/www.suviseurat.fi/2024\/#website\",\"url\":\"https:\/\/www.suviseurat.fi/2024\/\",\"name\":\"SRK:n Suviseurat Pudasj\u00e4rvell\u00e4 2024\",\"description\":\"Olenko min\u00e4 sinulle rakas?\",\"publisher\":{\"@id\":\"https:\/\/www.suviseurat.fi/2024\/#organization\"},\"potentialAction\":[{\"@type\":\"SearchAction\",\"target\":{\"@type\":\"EntryPoint\",\"urlTemplate\":\"https:\/\/www.suviseurat.fi/2024\/?s={search_term_string}\"},\"query-input\":\"required name=search_term_string\"}],\"inLanguage\":\"fi\"},{\"@type\":\"Organization\",\"@id\":\"https:\/\/www.suviseurat.fi/2024\/#organization\",\"name\":\"Suviseurat\",\"url\":\"https:\/\/www.suviseurat.fi/2024\/\",\"logo\":{\"@type\":\"ImageObject\",\"inLanguage\":\"fi\",\"@id\":\"https:\/\/www.suviseurat.fi/2024\/#\/schema\/logo\/image\/\",\"url\":\"https:\/\/www.suviseurat.fi/2024\/wp-content\/uploads\/2023\/10\/tunnus-nelio.jpg\",\"contentUrl\":\"https:\/\/www.suviseurat.fi/2024\/wp-content\/uploads\/2023\/10\/tunnus-nelio.jpg\",\"width\":1000,\"height\":1000,\"caption\":\"Suviseurat\"},\"image\":{\"@id\":\"https:\/\/www.suviseurat.fi/2024\/#\/schema\/logo\/image\/\"},\"sameAs\":[\"https:\/\/www.facebook.com\/SRKryNyt\/\",\"https:\/\/x.com\/Suviseurat\",\"https:\/\/www.facebook.com\/srksuviseurat\/\",\"https:\/\/www.youtube.com\/@SRKnyt\",\"https:\/\/www.instagram.com\/srk_nyt\/\",\"https:\/\/www.flickr.com\/photos\/suviseurat\"]}]}<\/script>\n<!-- \/ Yoast SEO plugin. -->","yoast_head_json":{"title":"Puhelimen latauspiste - SRK:n Suviseurat Pudasj\u00e4rvell\u00e4 2024","description":"Aukioloajat Puhelimen latauspiste keskiviikko klo 12\u201322 torstai\u2013lauantai klo 10\u201322 sunnuntai klo 11\u201322 maanantai klo 10\u201315 Matkapuhelimia voi ladata","robots":{"index":"index","follow":"follow","max-snippet":"max-snippet:-1","max-image-preview":"max-image-preview:large","max-video-preview":"max-video-preview:-1"},"canonical":"https:\/\/www.suviseurat.fi/2024\/palvelut\/puhelimen-latauspiste\/","og_locale":"fi_FI","og_type":"article","og_title":"Puhelimen latauspiste - SRK:n Suviseurat Pudasj\u00e4rvell\u00e4 2024","og_description":"Aukioloajat Puhelimen latauspiste keskiviikko klo 12\u201322 torstai\u2013lauantai klo 10\u201322 sunnuntai klo 11\u201322 maanantai klo 10\u201315 Matkapuhelimia voi ladata","og_url":"https:\/\/www.suviseurat.fi/2024\/palvelut\/puhelimen-latauspiste\/","og_site_name":"SRK:n Suviseurat Pudasj\u00e4rvell\u00e4 2024","article_publisher":"https:\/\/www.facebook.com\/SRKryNyt\/","article_modified_time":"2024-05-14T12:17:33+00:00","twitter_card":"summary_large_image","twitter_site":"@Suviseurat","twitter_misc":{"Arvioitu lukuaika":"1 minuutti"},"schema":{"@context":"https:\/\/schema.org","@graph":[{"@type":"WebPage","@id":"https:\/\/www.suviseurat.fi/2024\/palvelut\/puhelimen-latauspiste\/","url":"https:\/\/www.suviseurat.fi/2024\/palvelut\/puhelimen-latauspiste\/","name":"Puhelimen latauspiste - SRK:n Suviseurat Pudasj\u00e4rvell\u00e4 2024","isPartOf":{"@id":"https:\/\/www.suviseurat.fi/2024\/#website"},"datePublished":"2024-05-14T12:17:32+00:00","dateModified":"2024-05-14T12:17:33+00:00","description":"Aukioloajat Puhelimen latauspiste keskiviikko klo 12\u201322 torstai\u2013lauantai klo 10\u201322 sunnuntai klo 11\u201322 maanantai klo 10\u201315 Matkapuhelimia voi ladata","breadcrumb":{"@id":"https:\/\/www.suviseurat.fi/2024\/palvelut\/puhelimen-latauspiste\/#breadcrumb"},"inLanguage":"fi","potentialAction":[{"@type":"ReadAction","target":["https:\/\/www.suviseurat.fi/2024\/palvelut\/puhelimen-latauspiste\/"]}]},{"@type":"BreadcrumbList","@id":"https:\/\/www.suviseurat.fi/2024\/palvelut\/puhelimen-latauspiste\/#breadcrumb","itemListElement":[{"@type":"ListItem","position":1,"name":"Etusivu","item":"https:\/\/www.suviseurat.fi/2024\/"},{"@type":"ListItem","position":2,"name":"Palvelut","item":"https:\/\/www.suviseurat.fi/2024\/palvelut\/"},{"@type":"ListItem","position":3,"name":"Puhelimen latauspiste"}]},{"@type":"WebSite","@id":"https:\/\/www.suviseurat.fi/2024\/#website","url":"https:\/\/www.suviseurat.fi/2024\/","name":"SRK:n Suviseurat Pudasj\u00e4rvell\u00e4 2024","description":"Olenko min\u00e4 sinulle rakas?","publisher":{"@id":"https:\/\/www.suviseurat.fi/2024\/#organization"},"potentialAction":[{"@type":"SearchAction","target":{"@type":"EntryPoint","urlTemplate":"https:\/\/www.suviseurat.fi/2024\/?s={search_term_string}"},"query-input":"required name=search_term_string"}],"inLanguage":"fi"},{"@type":"Organization","@id":"https:\/\/www.suviseurat.fi/2024\/#organization","name":"Suviseurat","url":"https:\/\/www.suviseurat.fi/2024\/","logo":{"@type":"ImageObject","inLanguage":"fi","@id":"https:\/\/www.suviseurat.fi/2024\/#\/schema\/logo\/image\/","url":"https:\/\/www.suviseurat.fi/2024\/wp-content\/uploads\/2023\/10\/tunnus-nelio.jpg","contentUrl":"https:\/\/www.suviseurat.fi/2024\/wp-content\/uploads\/2023\/10\/tunnus-nelio.jpg","width":1000,"height":1000,"caption":"Suviseurat"},"image":{"@id":"https:\/\/www.suviseurat.fi/2024\/#\/schema\/logo\/image\/"},"sameAs":["https:\/\/www.facebook.com\/SRKryNyt\/","https:\/\/x.com\/Suviseurat","https:\/\/www.facebook.com\/srksuviseurat\/","https:\/\/www.youtube.com\/@SRKnyt","https:\/\/www.instagram.com\/srk_nyt\/","https:\/\/www.flickr.com\/photos\/suviseurat"]}]}},"_links":{"self":[{"href":"https:\/\/www.suviseurat.fi/2024\/wp-json\/wp\/v2\/pages\/3106"}],"collection":[{"href":"https:\/\/www.suviseurat.fi/2024\/wp-json\/wp\/v2\/pages"}],"about":[{"href":"https:\/\/www.suviseurat.fi/2024\/wp-json\/wp\/v2\/types\/page"}],"author":[{"embeddable":true,"href":"https:\/\/www.suviseurat.fi/2024\/wp-json\/wp\/v2\/users\/19"}],"replies":[{"embeddable":true,"href":"https:\/\/www.suviseurat.fi/2024\/wp-json\/wp\/v2\/comments?post=3106"}],"version-history":[{"count":11,"href":"https:\/\/www.suviseurat.fi/2024\/wp-json\/wp\/v2\/pages\/3106\/revisions"}],"predecessor-version":[{"id":19586,"href":"https:\/\/www.suviseurat.fi/2024\/wp-json\/wp\/v2\/pages\/3106\/revisions\/19586"}],"up":[{"embeddable":true,"href":"https:\/\/www.suviseurat.fi/2024\/wp-json\/wp\/v2\/pages\/857"}],"wp:attachment":[{"href":"https:\/\/www.suviseurat.fi/2024\/wp-json\/wp\/v2\/media?parent=3106"}],"curies":[{"name":"wp","href":"https:\/\/api.w.org\/{rel}","templated":true}]}}