{"id":3583,"date":"2024-05-14T15:28:38","date_gmt":"2024-05-14T12:28:38","guid":{"rendered":"https:\/\/www.suviseurat.fi/2024\/?page_id=3583"},"modified":"2024-05-23T13:08:20","modified_gmt":"2024-05-23T10:08:20","slug":"onnettomuus-ja-riskitilanteet","status":"publish","type":"page","link":"https:\/\/www.suviseurat.fi/2024\/ohjeet\/turvallisuus\/onnettomuus-ja-riskitilanteet\/","title":{"rendered":"Onnettomuus- ja riskitilanteet"},"content":{"rendered":"<h3>Toiminta onnettomuustilanteessa<\/h3>\n<p><strong><span data-sheets-root=\"1\" data-sheets-value=\"{&quot;1&quot;:2,&quot;2&quot;:&quot;Onnettomuustilanteissa nopea ja oikeanlainen toiminta voi olla ratkaisevaa!&quot;}\" data-sheets-userformat=\"{&quot;2&quot;:17153,&quot;3&quot;:{&quot;1&quot;:0},&quot;11&quot;:4,&quot;12&quot;:0,&quot;17&quot;:1}\">Onnettomuustilanteissa nopea ja oikeanlainen toiminta voi olla ratkaisevaa!<\/span><\/strong><\/p>\n<p>\u2022 Onnettomuuden sattuessa ryhdy auttamaan.<br \/>\n\u2022 Est\u00e4 lis\u00e4vahinkojen syntyminen esim. tyhjent\u00e4m\u00e4ll\u00e4 palavan kohteen ymp\u00e4rist\u00f6 syttymisvaarassa olevista tavaroista.<br \/>\n\u2022 Palon syttyess\u00e4 pelasta vaarassa olevat.<br \/>\n\u2022 Sammuta palo l\u00e4himm\u00e4ll\u00e4 alkusammutusv\u00e4lineell\u00e4.<br \/>\n\u2022 Soita h\u00e4t\u00e4numeroon 112.<br \/>\n\u2022 Opasta apu paikalle.<br \/>\n\u2022 Mik\u00e4li palava kohde on s\u00e4hk\u00f6auto, muista kertoa se h\u00e4t\u00e4ilmoitusta tehdess\u00e4si.<br \/>\n\u2022 Suviseura-alue on pohjavesialuetta.<br \/>\n\u2022 Ilmoita pienest\u00e4kin \u00f6ljyvahingosta h\u00e4t\u00e4numeroon 112.<br \/>\n\u2022 Est\u00e4 ensin vahingon paheneminen.<br \/>\n\u2022 Sairauskohtauksen sattuessa soita h\u00e4t\u00e4numeroon 112 ja toimi ensiapuohjeiden mukaisesti.<br \/>\n\u2022 Kiireett\u00f6miss\u00e4 tapauksissa apua ja ohjeita saa turvallisuustoimistosta, p. 040 132 0763.<\/p>\n","protected":false},"excerpt":{"rendered":"<p>Toiminta onnettomuustilanteessa Onnettomuustilanteissa nopea ja oikeanlainen toiminta voi olla ratkaisevaa! \u2022 Onnettomuuden sattuessa ryhdy auttamaan.<a class=\"moretag\" href=\"https:\/\/www.suviseurat.fi/2024\/ohjeet\/turvallisuus\/onnettomuus-ja-riskitilanteet\/\">Jatka lukemista ><\/a><\/p>\n","protected":false},"author":19,"featured_media":0,"parent":794,"menu_order":0,"comment_status":"closed","ping_status":"closed","template":"","meta":{"_acf_changed":false,"footnotes":""},"class_list":["post-3583","page","type-page","status-publish","hentry"],"acf":[],"yoast_head":"<!-- This site is optimized with the Yoast SEO plugin v23.3 - https:\/\/yoast.com\/wordpress\/plugins\/seo\/ -->\n<title>Onnettomuus- ja riskitilanteet - SRK:n Suviseurat Pudasj\u00e4rvell\u00e4 2024<\/title>\n<meta name=\"description\" content=\"Toiminta onnettomuustilanteessa Onnettomuustilanteissa nopea ja oikeanlainen toiminta voi olla ratkaisevaa! \u2022 Onnettomuuden sattuessa ryhdy auttamaan. \u2022\" \/>\n<meta name=\"robots\" content=\"index, follow, max-snippet:-1, max-image-preview:large, max-video-preview:-1\" \/>\n<link rel=\"canonical\" href=\"https:\/\/www.suviseurat.fi/2024\/ohjeet\/turvallisuus\/onnettomuus-ja-riskitilanteet\/\" \/>\n<meta property=\"og:locale\" content=\"fi_FI\" \/>\n<meta property=\"og:type\" content=\"article\" \/>\n<meta property=\"og:title\" content=\"Onnettomuus- ja riskitilanteet - SRK:n Suviseurat Pudasj\u00e4rvell\u00e4 2024\" \/>\n<meta property=\"og:description\" content=\"Toiminta onnettomuustilanteessa Onnettomuustilanteissa nopea ja oikeanlainen toiminta voi olla ratkaisevaa! \u2022 Onnettomuuden sattuessa ryhdy auttamaan. \u2022\" \/>\n<meta property=\"og:url\" content=\"https:\/\/www.suviseurat.fi/2024\/ohjeet\/turvallisuus\/onnettomuus-ja-riskitilanteet\/\" \/>\n<meta property=\"og:site_name\" content=\"SRK:n Suviseurat Pudasj\u00e4rvell\u00e4 2024\" \/>\n<meta property=\"article:publisher\" content=\"https:\/\/www.facebook.com\/SRKryNyt\/\" \/>\n<meta property=\"article:modified_time\" content=\"2024-05-23T10:08:20+00:00\" \/>\n<meta name=\"twitter:card\" content=\"summary_large_image\" \/>\n<meta name=\"twitter:site\" content=\"@Suviseurat\" \/>\n<meta name=\"twitter:label1\" content=\"Arvioitu lukuaika\" \/>\n\t<meta name=\"twitter:data1\" content=\"1 minuutti\" \/>\n<script type=\"application\/ld+json\" class=\"yoast-schema-graph\">{\"@context\":\"https:\/\/schema.org\",\"@graph\":[{\"@type\":\"WebPage\",\"@id\":\"https:\/\/www.suviseurat.fi/2024\/ohjeet\/turvallisuus\/onnettomuus-ja-riskitilanteet\/\",\"url\":\"https:\/\/www.suviseurat.fi/2024\/ohjeet\/turvallisuus\/onnettomuus-ja-riskitilanteet\/\",\"name\":\"Onnettomuus- ja riskitilanteet - SRK:n Suviseurat Pudasj\u00e4rvell\u00e4 2024\",\"isPartOf\":{\"@id\":\"https:\/\/www.suviseurat.fi/2024\/#website\"},\"datePublished\":\"2024-05-14T12:28:38+00:00\",\"dateModified\":\"2024-05-23T10:08:20+00:00\",\"description\":\"Toiminta onnettomuustilanteessa Onnettomuustilanteissa nopea ja oikeanlainen toiminta voi olla ratkaisevaa! \u2022 Onnettomuuden sattuessa ryhdy auttamaan. \u2022\",\"breadcrumb\":{\"@id\":\"https:\/\/www.suviseurat.fi/2024\/ohjeet\/turvallisuus\/onnettomuus-ja-riskitilanteet\/#breadcrumb\"},\"inLanguage\":\"fi\",\"potentialAction\":[{\"@type\":\"ReadAction\",\"target\":[\"https:\/\/www.suviseurat.fi/2024\/ohjeet\/turvallisuus\/onnettomuus-ja-riskitilanteet\/\"]}]},{\"@type\":\"BreadcrumbList\",\"@id\":\"https:\/\/www.suviseurat.fi/2024\/ohjeet\/turvallisuus\/onnettomuus-ja-riskitilanteet\/#breadcrumb\",\"itemListElement\":[{\"@type\":\"ListItem\",\"position\":1,\"name\":\"Etusivu\",\"item\":\"https:\/\/www.suviseurat.fi/2024\/\"},{\"@type\":\"ListItem\",\"position\":2,\"name\":\"Ohjeet\",\"item\":\"https:\/\/www.suviseurat.fi/2024\/ohjeet\/\"},{\"@type\":\"ListItem\",\"position\":3,\"name\":\"Turvallisuus\",\"item\":\"https:\/\/www.suviseurat.fi/2024\/ohjeet\/turvallisuus\/\"},{\"@type\":\"ListItem\",\"position\":4,\"name\":\"Onnettomuus- ja riskitilanteet\"}]},{\"@type\":\"WebSite\",\"@id\":\"https:\/\/www.suviseurat.fi/2024\/#website\",\"url\":\"https:\/\/www.suviseurat.fi/2024\/\",\"name\":\"SRK:n Suviseurat Pudasj\u00e4rvell\u00e4 2024\",\"description\":\"Olenko min\u00e4 sinulle rakas?\",\"publisher\":{\"@id\":\"https:\/\/www.suviseurat.fi/2024\/#organization\"},\"potentialAction\":[{\"@type\":\"SearchAction\",\"target\":{\"@type\":\"EntryPoint\",\"urlTemplate\":\"https:\/\/www.suviseurat.fi/2024\/?s={search_term_string}\"},\"query-input\":\"required name=search_term_string\"}],\"inLanguage\":\"fi\"},{\"@type\":\"Organization\",\"@id\":\"https:\/\/www.suviseurat.fi/2024\/#organization\",\"name\":\"Suviseurat\",\"url\":\"https:\/\/www.suviseurat.fi/2024\/\",\"logo\":{\"@type\":\"ImageObject\",\"inLanguage\":\"fi\",\"@id\":\"https:\/\/www.suviseurat.fi/2024\/#\/schema\/logo\/image\/\",\"url\":\"https:\/\/www.suviseurat.fi/2024\/wp-content\/uploads\/2023\/10\/tunnus-nelio.jpg\",\"contentUrl\":\"https:\/\/www.suviseurat.fi/2024\/wp-content\/uploads\/2023\/10\/tunnus-nelio.jpg\",\"width\":1000,\"height\":1000,\"caption\":\"Suviseurat\"},\"image\":{\"@id\":\"https:\/\/www.suviseurat.fi/2024\/#\/schema\/logo\/image\/\"},\"sameAs\":[\"https:\/\/www.facebook.com\/SRKryNyt\/\",\"https:\/\/x.com\/Suviseurat\",\"https:\/\/www.facebook.com\/srksuviseurat\/\",\"https:\/\/www.youtube.com\/@SRKnyt\",\"https:\/\/www.instagram.com\/srk_nyt\/\",\"https:\/\/www.flickr.com\/photos\/suviseurat\"]}]}<\/script>\n<!-- \/ Yoast SEO plugin. -->","yoast_head_json":{"title":"Onnettomuus- ja riskitilanteet - SRK:n Suviseurat Pudasj\u00e4rvell\u00e4 2024","description":"Toiminta onnettomuustilanteessa Onnettomuustilanteissa nopea ja oikeanlainen toiminta voi olla ratkaisevaa! \u2022 Onnettomuuden sattuessa ryhdy auttamaan. \u2022","robots":{"index":"index","follow":"follow","max-snippet":"max-snippet:-1","max-image-preview":"max-image-preview:large","max-video-preview":"max-video-preview:-1"},"canonical":"https:\/\/www.suviseurat.fi/2024\/ohjeet\/turvallisuus\/onnettomuus-ja-riskitilanteet\/","og_locale":"fi_FI","og_type":"article","og_title":"Onnettomuus- ja riskitilanteet - SRK:n Suviseurat Pudasj\u00e4rvell\u00e4 2024","og_description":"Toiminta onnettomuustilanteessa Onnettomuustilanteissa nopea ja oikeanlainen toiminta voi olla ratkaisevaa! \u2022 Onnettomuuden sattuessa ryhdy auttamaan. \u2022","og_url":"https:\/\/www.suviseurat.fi/2024\/ohjeet\/turvallisuus\/onnettomuus-ja-riskitilanteet\/","og_site_name":"SRK:n Suviseurat Pudasj\u00e4rvell\u00e4 2024","article_publisher":"https:\/\/www.facebook.com\/SRKryNyt\/","article_modified_time":"2024-05-23T10:08:20+00:00","twitter_card":"summary_large_image","twitter_site":"@Suviseurat","twitter_misc":{"Arvioitu lukuaika":"1 minuutti"},"schema":{"@context":"https:\/\/schema.org","@graph":[{"@type":"WebPage","@id":"https:\/\/www.suviseurat.fi/2024\/ohjeet\/turvallisuus\/onnettomuus-ja-riskitilanteet\/","url":"https:\/\/www.suviseurat.fi/2024\/ohjeet\/turvallisuus\/onnettomuus-ja-riskitilanteet\/","name":"Onnettomuus- ja riskitilanteet - SRK:n Suviseurat Pudasj\u00e4rvell\u00e4 2024","isPartOf":{"@id":"https:\/\/www.suviseurat.fi/2024\/#website"},"datePublished":"2024-05-14T12:28:38+00:00","dateModified":"2024-05-23T10:08:20+00:00","description":"Toiminta onnettomuustilanteessa Onnettomuustilanteissa nopea ja oikeanlainen toiminta voi olla ratkaisevaa! \u2022 Onnettomuuden sattuessa ryhdy auttamaan. \u2022","breadcrumb":{"@id":"https:\/\/www.suviseurat.fi/2024\/ohjeet\/turvallisuus\/onnettomuus-ja-riskitilanteet\/#breadcrumb"},"inLanguage":"fi","potentialAction":[{"@type":"ReadAction","target":["https:\/\/www.suviseurat.fi/2024\/ohjeet\/turvallisuus\/onnettomuus-ja-riskitilanteet\/"]}]},{"@type":"BreadcrumbList","@id":"https:\/\/www.suviseurat.fi/2024\/ohjeet\/turvallisuus\/onnettomuus-ja-riskitilanteet\/#breadcrumb","itemListElement":[{"@type":"ListItem","position":1,"name":"Etusivu","item":"https:\/\/www.suviseurat.fi/2024\/"},{"@type":"ListItem","position":2,"name":"Ohjeet","item":"https:\/\/www.suviseurat.fi/2024\/ohjeet\/"},{"@type":"ListItem","position":3,"name":"Turvallisuus","item":"https:\/\/www.suviseurat.fi/2024\/ohjeet\/turvallisuus\/"},{"@type":"ListItem","position":4,"name":"Onnettomuus- ja riskitilanteet"}]},{"@type":"WebSite","@id":"https:\/\/www.suviseurat.fi/2024\/#website","url":"https:\/\/www.suviseurat.fi/2024\/","name":"SRK:n Suviseurat Pudasj\u00e4rvell\u00e4 2024","description":"Olenko min\u00e4 sinulle rakas?","publisher":{"@id":"https:\/\/www.suviseurat.fi/2024\/#organization"},"potentialAction":[{"@type":"SearchAction","target":{"@type":"EntryPoint","urlTemplate":"https:\/\/www.suviseurat.fi/2024\/?s={search_term_string}"},"query-input":"required name=search_term_string"}],"inLanguage":"fi"},{"@type":"Organization","@id":"https:\/\/www.suviseurat.fi/2024\/#organization","name":"Suviseurat","url":"https:\/\/www.suviseurat.fi/2024\/","logo":{"@type":"ImageObject","inLanguage":"fi","@id":"https:\/\/www.suviseurat.fi/2024\/#\/schema\/logo\/image\/","url":"https:\/\/www.suviseurat.fi/2024\/wp-content\/uploads\/2023\/10\/tunnus-nelio.jpg","contentUrl":"https:\/\/www.suviseurat.fi/2024\/wp-content\/uploads\/2023\/10\/tunnus-nelio.jpg","width":1000,"height":1000,"caption":"Suviseurat"},"image":{"@id":"https:\/\/www.suviseurat.fi/2024\/#\/schema\/logo\/image\/"},"sameAs":["https:\/\/www.facebook.com\/SRKryNyt\/","https:\/\/x.com\/Suviseurat","https:\/\/www.facebook.com\/srksuviseurat\/","https:\/\/www.youtube.com\/@SRKnyt","https:\/\/www.instagram.com\/srk_nyt\/","https:\/\/www.flickr.com\/photos\/suviseurat"]}]}},"_links":{"self":[{"href":"https:\/\/www.suviseurat.fi/2024\/wp-json\/wp\/v2\/pages\/3583"}],"collection":[{"href":"https:\/\/www.suviseurat.fi/2024\/wp-json\/wp\/v2\/pages"}],"about":[{"href":"https:\/\/www.suviseurat.fi/2024\/wp-json\/wp\/v2\/types\/page"}],"author":[{"embeddable":true,"href":"https:\/\/www.suviseurat.fi/2024\/wp-json\/wp\/v2\/users\/19"}],"replies":[{"embeddable":true,"href":"https:\/\/www.suviseurat.fi/2024\/wp-json\/wp\/v2\/comments?post=3583"}],"version-history":[{"count":8,"href":"https:\/\/www.suviseurat.fi/2024\/wp-json\/wp\/v2\/pages\/3583\/revisions"}],"predecessor-version":[{"id":19854,"href":"https:\/\/www.suviseurat.fi/2024\/wp-json\/wp\/v2\/pages\/3583\/revisions\/19854"}],"up":[{"embeddable":true,"href":"https:\/\/www.suviseurat.fi/2024\/wp-json\/wp\/v2\/pages\/794"}],"wp:attachment":[{"href":"https:\/\/www.suviseurat.fi/2024\/wp-json\/wp\/v2\/media?parent=3583"}],"curies":[{"name":"wp","href":"https:\/\/api.w.org\/{rel}","templated":true}]}}