{"id":4182,"date":"2022-06-23T20:20:00","date_gmt":"2022-06-23T17:20:00","guid":{"rendered":"https:\/\/www.suviseurat.fi/2024\/?page_id=4182"},"modified":"2024-06-27T10:02:07","modified_gmt":"2024-06-27T07:02:07","slug":"seura-alueen-kartta","status":"publish","type":"page","link":"https:\/\/www.suviseurat.fi/2024\/liikenne\/seura-alueen-kartta\/","title":{"rendered":"Seura-alueen kartta"},"content":{"rendered":"\n<div class=\"wp-block-buttons has-custom-font-size is-horizontal is-content-justification-left is-layout-flex wp-container-core-buttons-is-layout-1 wp-block-buttons-is-layout-flex\" style=\"font-size:15px\">\n<div class=\"wp-block-button is-style-outline is-style-outline--a4a77f84e405ded83f3389f2383d324b\" style=\"text-decoration:none\"><a class=\"wp-block-button__link has-text-color has-link-color wp-element-button\" href=\"#kokoalue\" style=\"color:#2e2e2e\">Koko alue<\/a><\/div>\n\n\n\n<div class=\"wp-block-button is-style-outline is-style-outline--70a7afc849cea8ade2c048fd7c42b0b8\" style=\"text-decoration:none\"><a class=\"wp-block-button__link has-text-color has-link-color wp-element-button\" href=\"#keskusalue\" style=\"color:#2e2e2e\">Keskusalue<\/a><\/div>\n\n\n\n<div class=\"wp-block-button is-style-outline is-style-outline--ce4c11f65ddb445f7fcfb9a31a9948c9\" style=\"text-decoration:none\"><a class=\"wp-block-button__link has-text-color has-link-color wp-element-button\" href=\"#ladattavat\" style=\"color:#2e2e2e\">Ladattavat kartat<\/a><\/div>\n<\/div>\n\n\n\n<h3><a id=\"kokoalue\"><\/a>\u00a0<\/h3>\n<p>\u00a0\u00a0<\/p>\n<h3><strong>Koko alueen kartta<\/strong><\/h3>\n<p><a href=\"https:\/\/www.suviseurat.fi/2024\/wp-content\/uploads\/2024\/06\/Opaskartta_A3_to-1.png\"><img loading=\"lazy\" decoding=\"async\" class=\"alignnone wp-image-20884 size-medium\" src=\"https:\/\/www.suviseurat.fi/2024\/wp-content\/uploads\/2024\/06\/Opaskartta_A3_to-1-1024x724.png\" alt=\"\" width=\"1024\" height=\"724\" srcset=\"https:\/\/www.suviseurat.fi/2024\/wp-content\/uploads\/2024\/06\/Opaskartta_A3_to-1-1024x724.png 1024w, https:\/\/www.suviseurat.fi/2024\/wp-content\/uploads\/2024\/06\/Opaskartta_A3_to-1-1527x1080.png 1527w, https:\/\/www.suviseurat.fi/2024\/wp-content\/uploads\/2024\/06\/Opaskartta_A3_to-1-768x543.png 768w, https:\/\/www.suviseurat.fi/2024\/wp-content\/uploads\/2024\/06\/Opaskartta_A3_to-1-1536x1086.png 1536w, https:\/\/www.suviseurat.fi/2024\/wp-content\/uploads\/2024\/06\/Opaskartta_A3_to-1-2048x1448.png 2048w\" sizes=\"(max-width: 1024px) 100vw, 1024px\" \/><\/a><\/p>\n<h3><a id=\"keskusalue\"><\/a>\u00a0\u00a0<\/h3>\n<p>\u00a0\u00a0<\/p>\n<h3><strong>Keskusalueen kartta<\/strong><\/h3>\n<p><a href=\"https:\/\/www.suviseurat.fi/2024\/wp-content\/uploads\/2024\/06\/Opaskartta_keskusalue_A3-1.png\"><img loading=\"lazy\" decoding=\"async\" class=\"alignnone wp-image-20800 size-medium\" src=\"https:\/\/www.suviseurat.fi/2024\/wp-content\/uploads\/2024\/06\/Opaskartta_keskusalue_A3-1-724x1024.png\" alt=\"\" width=\"724\" height=\"1024\" srcset=\"https:\/\/www.suviseurat.fi/2024\/wp-content\/uploads\/2024\/06\/Opaskartta_keskusalue_A3-1-724x1024.png 724w, https:\/\/www.suviseurat.fi/2024\/wp-content\/uploads\/2024\/06\/Opaskartta_keskusalue_A3-1-764x1080.png 764w, https:\/\/www.suviseurat.fi/2024\/wp-content\/uploads\/2024\/06\/Opaskartta_keskusalue_A3-1-768x1086.png 768w, https:\/\/www.suviseurat.fi/2024\/wp-content\/uploads\/2024\/06\/Opaskartta_keskusalue_A3-1-1086x1536.png 1086w, https:\/\/www.suviseurat.fi/2024\/wp-content\/uploads\/2024\/06\/Opaskartta_keskusalue_A3-1-1448x2048.png 1448w\" sizes=\"(max-width: 724px) 100vw, 724px\" \/><\/a><\/p>\n<p><a id=\"ladattavat\"><\/a>\u00a0<\/p>\n<p>\u00a0\u00a0<\/p>\n<h3><strong>Ladattavat kartat<\/strong><\/h3>\n<p><a href=\"https:\/\/www.suviseurat.fi/2024\/wp-content\/uploads\/2024\/06\/Opaskartta_to.pdf\" target=\"_blank\" rel=\"noopener\">Yhdistetty kartta (PDF)<\/a><\/p>\n<p><a href=\"https:\/\/www.suviseurat.fi/2024\/wp-content\/uploads\/2024\/06\/Opaskartta_A3_to.pdf\" target=\"_blank\" rel=\"noopener\">Tulostettava koko alueen kartta (PDF)<\/a><\/p>\n<p><a href=\"https:\/\/www.suviseurat.fi/2024\/wp-content\/uploads\/2024\/06\/Opaskartta_keskusalue_A3.pdf\" target=\"_blank\" rel=\"noopener\">Tulostettava keskusalueen kartta (PDF)<\/a><\/p>\n<p><a href=\"https:\/\/www.suviseurat.fi/2024\/wp-content\/uploads\/2024\/06\/Opaskartta_A3_to-1.png\" target=\"_blank\" rel=\"noopener\">Koko alueen kartta (PNG kuva)<\/a><\/p>\n<p><a href=\"https:\/\/www.suviseurat.fi/2024\/wp-content\/uploads\/2024\/06\/Opaskartta_keskusalue_A3-1.png\" target=\"_blank\" rel=\"noopener\">Keskusalueen kartta (PNG kuva)<\/a><\/p>\n","protected":false},"excerpt":{"rendered":"<p>\u00a0 \u00a0\u00a0 Koko alueen kartta \u00a0\u00a0 \u00a0\u00a0 Keskusalueen kartta \u00a0 \u00a0\u00a0 Ladattavat kartat Yhdistetty kartta<a class=\"moretag\" href=\"https:\/\/www.suviseurat.fi/2024\/liikenne\/seura-alueen-kartta\/\">Jatka lukemista ><\/a><\/p>\n","protected":false},"author":19,"featured_media":0,"parent":4199,"menu_order":2,"comment_status":"closed","ping_status":"closed","template":"","meta":{"_acf_changed":false,"footnotes":""},"class_list":["post-4182","page","type-page","status-publish","hentry"],"acf":[],"yoast_head":"<!-- This site is optimized with the Yoast SEO plugin v23.3 - https:\/\/yoast.com\/wordpress\/plugins\/seo\/ -->\n<title>Seura-alueen kartta - SRK:n Suviseurat Pudasj\u00e4rvell\u00e4 2024<\/title>\n<meta name=\"description\" content=\"T\u00e4\u00e4lt\u00e4 l\u00f6yd\u00e4t Suviseurojen kartan.\" \/>\n<meta name=\"robots\" content=\"index, follow, max-snippet:-1, max-image-preview:large, max-video-preview:-1\" \/>\n<link rel=\"canonical\" href=\"https:\/\/www.suviseurat.fi/2024\/liikenne\/seura-alueen-kartta\/\" \/>\n<meta property=\"og:locale\" content=\"fi_FI\" \/>\n<meta property=\"og:type\" content=\"article\" \/>\n<meta property=\"og:title\" content=\"Seura-alueen kartta - SRK:n Suviseurat Pudasj\u00e4rvell\u00e4 2024\" \/>\n<meta property=\"og:description\" content=\"T\u00e4\u00e4lt\u00e4 l\u00f6yd\u00e4t Suviseurojen kartan.\" \/>\n<meta property=\"og:url\" content=\"https:\/\/www.suviseurat.fi/2024\/liikenne\/seura-alueen-kartta\/\" \/>\n<meta property=\"og:site_name\" content=\"SRK:n Suviseurat Pudasj\u00e4rvell\u00e4 2024\" \/>\n<meta property=\"article:publisher\" content=\"https:\/\/www.facebook.com\/SRKryNyt\/\" \/>\n<meta property=\"article:modified_time\" content=\"2024-06-27T07:02:07+00:00\" \/>\n<meta property=\"og:image\" content=\"https:\/\/www.suviseurat.fi/2024\/wp-content\/uploads\/2024\/06\/Opaskartta_A3_to-1-1024x724.png\" \/>\n<meta name=\"twitter:card\" content=\"summary_large_image\" \/>\n<meta name=\"twitter:site\" content=\"@Suviseurat\" \/>\n<meta name=\"twitter:label1\" content=\"Arvioitu lukuaika\" \/>\n\t<meta name=\"twitter:data1\" content=\"2 minuuttia\" \/>\n<script type=\"application\/ld+json\" class=\"yoast-schema-graph\">{\"@context\":\"https:\/\/schema.org\",\"@graph\":[{\"@type\":\"WebPage\",\"@id\":\"https:\/\/www.suviseurat.fi/2024\/liikenne\/seura-alueen-kartta\/\",\"url\":\"https:\/\/www.suviseurat.fi/2024\/liikenne\/seura-alueen-kartta\/\",\"name\":\"Seura-alueen kartta - SRK:n Suviseurat Pudasj\u00e4rvell\u00e4 2024\",\"isPartOf\":{\"@id\":\"https:\/\/www.suviseurat.fi/2024\/#website\"},\"primaryImageOfPage\":{\"@id\":\"https:\/\/www.suviseurat.fi/2024\/liikenne\/seura-alueen-kartta\/#primaryimage\"},\"image\":{\"@id\":\"https:\/\/www.suviseurat.fi/2024\/liikenne\/seura-alueen-kartta\/#primaryimage\"},\"thumbnailUrl\":\"https:\/\/www.suviseurat.fi/2024\/wp-content\/uploads\/2024\/06\/Opaskartta_A3_to-1-1024x724.png\",\"datePublished\":\"2022-06-23T17:20:00+00:00\",\"dateModified\":\"2024-06-27T07:02:07+00:00\",\"description\":\"T\u00e4\u00e4lt\u00e4 l\u00f6yd\u00e4t Suviseurojen kartan.\",\"breadcrumb\":{\"@id\":\"https:\/\/www.suviseurat.fi/2024\/liikenne\/seura-alueen-kartta\/#breadcrumb\"},\"inLanguage\":\"fi\",\"potentialAction\":[{\"@type\":\"ReadAction\",\"target\":[\"https:\/\/www.suviseurat.fi/2024\/liikenne\/seura-alueen-kartta\/\"]}]},{\"@type\":\"ImageObject\",\"inLanguage\":\"fi\",\"@id\":\"https:\/\/www.suviseurat.fi/2024\/liikenne\/seura-alueen-kartta\/#primaryimage\",\"url\":\"https:\/\/www.suviseurat.fi/2024\/wp-content\/uploads\/2024\/06\/Opaskartta_A3_to-1.png\",\"contentUrl\":\"https:\/\/www.suviseurat.fi/2024\/wp-content\/uploads\/2024\/06\/Opaskartta_A3_to-1.png\",\"width\":3308,\"height\":2339},{\"@type\":\"BreadcrumbList\",\"@id\":\"https:\/\/www.suviseurat.fi/2024\/liikenne\/seura-alueen-kartta\/#breadcrumb\",\"itemListElement\":[{\"@type\":\"ListItem\",\"position\":1,\"name\":\"Etusivu\",\"item\":\"https:\/\/www.suviseurat.fi/2024\/\"},{\"@type\":\"ListItem\",\"position\":2,\"name\":\"Liikenne\",\"item\":\"https:\/\/www.suviseurat.fi/2024\/liikenne\/\"},{\"@type\":\"ListItem\",\"position\":3,\"name\":\"Seura-alueen kartta\"}]},{\"@type\":\"WebSite\",\"@id\":\"https:\/\/www.suviseurat.fi/2024\/#website\",\"url\":\"https:\/\/www.suviseurat.fi/2024\/\",\"name\":\"SRK:n Suviseurat Pudasj\u00e4rvell\u00e4 2024\",\"description\":\"Olenko min\u00e4 sinulle rakas?\",\"publisher\":{\"@id\":\"https:\/\/www.suviseurat.fi/2024\/#organization\"},\"potentialAction\":[{\"@type\":\"SearchAction\",\"target\":{\"@type\":\"EntryPoint\",\"urlTemplate\":\"https:\/\/www.suviseurat.fi/2024\/?s={search_term_string}\"},\"query-input\":\"required name=search_term_string\"}],\"inLanguage\":\"fi\"},{\"@type\":\"Organization\",\"@id\":\"https:\/\/www.suviseurat.fi/2024\/#organization\",\"name\":\"Suviseurat\",\"url\":\"https:\/\/www.suviseurat.fi/2024\/\",\"logo\":{\"@type\":\"ImageObject\",\"inLanguage\":\"fi\",\"@id\":\"https:\/\/www.suviseurat.fi/2024\/#\/schema\/logo\/image\/\",\"url\":\"https:\/\/www.suviseurat.fi/2024\/wp-content\/uploads\/2023\/10\/tunnus-nelio.jpg\",\"contentUrl\":\"https:\/\/www.suviseurat.fi/2024\/wp-content\/uploads\/2023\/10\/tunnus-nelio.jpg\",\"width\":1000,\"height\":1000,\"caption\":\"Suviseurat\"},\"image\":{\"@id\":\"https:\/\/www.suviseurat.fi/2024\/#\/schema\/logo\/image\/\"},\"sameAs\":[\"https:\/\/www.facebook.com\/SRKryNyt\/\",\"https:\/\/x.com\/Suviseurat\",\"https:\/\/www.facebook.com\/srksuviseurat\/\",\"https:\/\/www.youtube.com\/@SRKnyt\",\"https:\/\/www.instagram.com\/srk_nyt\/\",\"https:\/\/www.flickr.com\/photos\/suviseurat\"]}]}<\/script>\n<!-- \/ Yoast SEO plugin. -->","yoast_head_json":{"title":"Seura-alueen kartta - SRK:n Suviseurat Pudasj\u00e4rvell\u00e4 2024","description":"T\u00e4\u00e4lt\u00e4 l\u00f6yd\u00e4t Suviseurojen kartan.","robots":{"index":"index","follow":"follow","max-snippet":"max-snippet:-1","max-image-preview":"max-image-preview:large","max-video-preview":"max-video-preview:-1"},"canonical":"https:\/\/www.suviseurat.fi/2024\/liikenne\/seura-alueen-kartta\/","og_locale":"fi_FI","og_type":"article","og_title":"Seura-alueen kartta - SRK:n Suviseurat Pudasj\u00e4rvell\u00e4 2024","og_description":"T\u00e4\u00e4lt\u00e4 l\u00f6yd\u00e4t Suviseurojen kartan.","og_url":"https:\/\/www.suviseurat.fi/2024\/liikenne\/seura-alueen-kartta\/","og_site_name":"SRK:n Suviseurat Pudasj\u00e4rvell\u00e4 2024","article_publisher":"https:\/\/www.facebook.com\/SRKryNyt\/","article_modified_time":"2024-06-27T07:02:07+00:00","og_image":[{"url":"https:\/\/www.suviseurat.fi/2024\/wp-content\/uploads\/2024\/06\/Opaskartta_A3_to-1-1024x724.png"}],"twitter_card":"summary_large_image","twitter_site":"@Suviseurat","twitter_misc":{"Arvioitu lukuaika":"2 minuuttia"},"schema":{"@context":"https:\/\/schema.org","@graph":[{"@type":"WebPage","@id":"https:\/\/www.suviseurat.fi/2024\/liikenne\/seura-alueen-kartta\/","url":"https:\/\/www.suviseurat.fi/2024\/liikenne\/seura-alueen-kartta\/","name":"Seura-alueen kartta - SRK:n Suviseurat Pudasj\u00e4rvell\u00e4 2024","isPartOf":{"@id":"https:\/\/www.suviseurat.fi/2024\/#website"},"primaryImageOfPage":{"@id":"https:\/\/www.suviseurat.fi/2024\/liikenne\/seura-alueen-kartta\/#primaryimage"},"image":{"@id":"https:\/\/www.suviseurat.fi/2024\/liikenne\/seura-alueen-kartta\/#primaryimage"},"thumbnailUrl":"https:\/\/www.suviseurat.fi/2024\/wp-content\/uploads\/2024\/06\/Opaskartta_A3_to-1-1024x724.png","datePublished":"2022-06-23T17:20:00+00:00","dateModified":"2024-06-27T07:02:07+00:00","description":"T\u00e4\u00e4lt\u00e4 l\u00f6yd\u00e4t Suviseurojen kartan.","breadcrumb":{"@id":"https:\/\/www.suviseurat.fi/2024\/liikenne\/seura-alueen-kartta\/#breadcrumb"},"inLanguage":"fi","potentialAction":[{"@type":"ReadAction","target":["https:\/\/www.suviseurat.fi/2024\/liikenne\/seura-alueen-kartta\/"]}]},{"@type":"ImageObject","inLanguage":"fi","@id":"https:\/\/www.suviseurat.fi/2024\/liikenne\/seura-alueen-kartta\/#primaryimage","url":"https:\/\/www.suviseurat.fi/2024\/wp-content\/uploads\/2024\/06\/Opaskartta_A3_to-1.png","contentUrl":"https:\/\/www.suviseurat.fi/2024\/wp-content\/uploads\/2024\/06\/Opaskartta_A3_to-1.png","width":3308,"height":2339},{"@type":"BreadcrumbList","@id":"https:\/\/www.suviseurat.fi/2024\/liikenne\/seura-alueen-kartta\/#breadcrumb","itemListElement":[{"@type":"ListItem","position":1,"name":"Etusivu","item":"https:\/\/www.suviseurat.fi/2024\/"},{"@type":"ListItem","position":2,"name":"Liikenne","item":"https:\/\/www.suviseurat.fi/2024\/liikenne\/"},{"@type":"ListItem","position":3,"name":"Seura-alueen kartta"}]},{"@type":"WebSite","@id":"https:\/\/www.suviseurat.fi/2024\/#website","url":"https:\/\/www.suviseurat.fi/2024\/","name":"SRK:n Suviseurat Pudasj\u00e4rvell\u00e4 2024","description":"Olenko min\u00e4 sinulle rakas?","publisher":{"@id":"https:\/\/www.suviseurat.fi/2024\/#organization"},"potentialAction":[{"@type":"SearchAction","target":{"@type":"EntryPoint","urlTemplate":"https:\/\/www.suviseurat.fi/2024\/?s={search_term_string}"},"query-input":"required name=search_term_string"}],"inLanguage":"fi"},{"@type":"Organization","@id":"https:\/\/www.suviseurat.fi/2024\/#organization","name":"Suviseurat","url":"https:\/\/www.suviseurat.fi/2024\/","logo":{"@type":"ImageObject","inLanguage":"fi","@id":"https:\/\/www.suviseurat.fi/2024\/#\/schema\/logo\/image\/","url":"https:\/\/www.suviseurat.fi/2024\/wp-content\/uploads\/2023\/10\/tunnus-nelio.jpg","contentUrl":"https:\/\/www.suviseurat.fi/2024\/wp-content\/uploads\/2023\/10\/tunnus-nelio.jpg","width":1000,"height":1000,"caption":"Suviseurat"},"image":{"@id":"https:\/\/www.suviseurat.fi/2024\/#\/schema\/logo\/image\/"},"sameAs":["https:\/\/www.facebook.com\/SRKryNyt\/","https:\/\/x.com\/Suviseurat","https:\/\/www.facebook.com\/srksuviseurat\/","https:\/\/www.youtube.com\/@SRKnyt","https:\/\/www.instagram.com\/srk_nyt\/","https:\/\/www.flickr.com\/photos\/suviseurat"]}]}},"_links":{"self":[{"href":"https:\/\/www.suviseurat.fi/2024\/wp-json\/wp\/v2\/pages\/4182"}],"collection":[{"href":"https:\/\/www.suviseurat.fi/2024\/wp-json\/wp\/v2\/pages"}],"about":[{"href":"https:\/\/www.suviseurat.fi/2024\/wp-json\/wp\/v2\/types\/page"}],"author":[{"embeddable":true,"href":"https:\/\/www.suviseurat.fi/2024\/wp-json\/wp\/v2\/users\/19"}],"replies":[{"embeddable":true,"href":"https:\/\/www.suviseurat.fi/2024\/wp-json\/wp\/v2\/comments?post=4182"}],"version-history":[{"count":76,"href":"https:\/\/www.suviseurat.fi/2024\/wp-json\/wp\/v2\/pages\/4182\/revisions"}],"predecessor-version":[{"id":20893,"href":"https:\/\/www.suviseurat.fi/2024\/wp-json\/wp\/v2\/pages\/4182\/revisions\/20893"}],"up":[{"embeddable":true,"href":"https:\/\/www.suviseurat.fi/2024\/wp-json\/wp\/v2\/pages\/4199"}],"wp:attachment":[{"href":"https:\/\/www.suviseurat.fi/2024\/wp-json\/wp\/v2\/media?parent=4182"}],"curies":[{"name":"wp","href":"https:\/\/api.w.org\/{rel}","templated":true}]}}