{"id":4226,"date":"2024-05-26T15:00:00","date_gmt":"2024-05-26T12:00:00","guid":{"rendered":"https:\/\/www.suviseurat.fi/2024\/?page_id=4226"},"modified":"2024-06-27T12:51:01","modified_gmt":"2024-06-27T09:51:01","slug":"saapuminen","status":"publish","type":"page","link":"https:\/\/www.suviseurat.fi/2024\/liikenne\/saapuminen\/","title":{"rendered":"Saapuminen ja reittiohjeet"},"content":{"rendered":"\n<div class=\"icon-links-wrap multilingualfloat\">\n        <div class=\"icon-links-content\" style=\"max-width: 320px\">\n        \t<div class=\"row kuuntelekatsele\">\n                <div class=\"col icon-link suviseuratuotteet\">\n<a title=\"Katso reittiohjeet\" href=\"#reittiohjeet\"><span class=\"icon-wrap\"><img decoding=\"async\" src=\"\/wp-content\/themes\/suviseurateema-2024\/images\/icons\/saapuminen.svg\"><\/span><span class=\"icon-text\">Katso reittiohjeet<\/span><\/a><\/div>\n<div class=\"col icon-link suviseuratuotteet\">\n<a title=\"P\u00e4iv\u00e4pys\u00e4k\u00f6inti\" href=\"https:\/\/www.suviseurat.fi/2024\/liikenne\/paivapysakointi\/\"><span class=\"icon-wrap\"><img decoding=\"async\" src=\"\/wp-content\/uploads\/2023\/06\/P-opaste.png\"><\/span><span class=\"icon-text\">P\u00e4iv\u00e4pys\u00e4k\u00f6inti<\/span><\/a><\/div>\n            <\/div>\n        <\/div>\n<\/div>\n\n\n\n<h3>\u00a0<\/h3>\n<h3><strong>Suviseura-alue Pudasj\u00e4rven lentokent\u00e4ll\u00e4 avautuu keskiviikkona 26.6. klo 9<\/strong><\/h3>\n<p><span style=\"font-weight: 400\">Alueet t\u00e4ytet\u00e4\u00e4n saapumisj\u00e4rjestyksess\u00e4, eik\u00e4 paikkoja voi varata etuk\u00e4teen. Jos haluaa majoittua l\u00e4hekk\u00e4in tuttavan kanssa, alueelle on saavuttava per\u00e4kk\u00e4in. Seura-alueen t\u00e4ytt\u00f6 sujuu tehokkaasti, kun reittiohjeita, opasteita ja liikenteenohjaajien ohjeita noudatetaan. Ohjeita noudattamalla jokainen voi vaikuttaa liikenteen sujuvuuteen.\u00a0\u00a0<\/span><\/p>\n<p><span style=\"font-weight: 400\">Suviseuraliikenteess\u00e4 ruuhkaisimmat ajankohdat ovat Illat ja alkuy\u00f6t keskiviikosta perjantaihin. Ruuhkan v\u00e4ltt\u00e4miseksi kannattaa saapua p\u00e4iv\u00e4aikaan.<\/span><\/p>\n<p><span style=\"font-weight: 400\">Maanantaina 24.6. ja tiistaina 25.6. klo 8-22 alueelle voivat saapua vastuuhenkil\u00f6t ja maanantain ja tiistain aikana ty\u00f6vuorossa olevat. Maanantaina tai tiistaina saapuvan t\u00e4ytyy varautua esitt\u00e4m\u00e4\u00e4n alueelle saapuessa ennakkoon jaettu tuulilasikyltti tai ty\u00f6vuorom\u00e4\u00e4r\u00e4in.<\/span><\/p>\n<p><span style=\"font-weight: 400\">Vuokravaunualueelle A1 voi tuoda vaunuja tiistaina klo 12-22 ja keskiviikkona 9-24. Sen j\u00e4lkeen yhteytt\u00e4 voi ottaa puhelinp\u00e4ivystykseen p. 0401320792. Vuokravaunualueelle saavutaan Jyrkk\u00e4koskentie\u00a0 ja Rytilammentietien kautta. Alueella oleva liikenteenohjaaja opastaa tulevan kaluston oikeaan kohtaan. Avaintenv\u00e4lityspiste v\u00e4litt\u00e4\u00e4 vuokraajalle vaunun avaimen ja ohjaa h\u00e4net oikealle tontille.\u00a0<\/span><\/p>\n<p><a id=\"reittiohjeet\"><\/a>\u00a0<\/p>\n<p>\u00a0<\/p>\n<h3><strong>REITTIOHJEET:<\/strong><\/h3>\n<p><strong>Etel\u00e4- ja It\u00e4-Suomesta<\/strong> saapuvat ajavat valtatiet\u00e4 5 Kajaaniin ja jatkavat siit\u00e4 kantatiet\u00e4 78 pitkin Puolangan kautta valtatielle 20 ja Pudasj\u00e4rvelle.Ranuantien (kantatie 78) risteyksest\u00e4 k\u00e4\u00e4nnyt\u00e4\u00e4n kohti Ranuaa. Risteyksest\u00e4 on Pudasj\u00e4rven lentokent\u00e4lle alle 4 km.<\/p>\n<p><a href=\"https:\/\/www.suviseurat.fi/2024\/wp-content\/uploads\/2024\/05\/Kuva3_etelasta-tulevien-reitti.png\"><img loading=\"lazy\" decoding=\"async\" class=\"wp-image-19900  alignnone\" src=\"https:\/\/www.suviseurat.fi/2024\/wp-content\/uploads\/2024\/05\/Kuva3_etelasta-tulevien-reitti.png\" alt=\"\" width=\"513\" height=\"670\" \/><\/a><\/p>\n<p>\u00a0<\/p>\n<p><strong>L\u00e4nnest\u00e4 Oulun kautta<\/strong> tulevat ajavat valtateit\u00e4 8 ja 4 Oulun ohi Iin Olhavaan. Olhavasta reitti jatkuu seututiet\u00e4 855 Ranuantielle (kantatie 78) asti ja siit\u00e4 Pudasj\u00e4rven lentokent\u00e4lle. Reitill\u00e4 on opasteet. T\u00e4ll\u00e4 reitill\u00e4 pyrit\u00e4\u00e4n v\u00e4ltt\u00e4m\u00e4\u00e4n valtatien 20 Rusko\u2013Kiiminki-v\u00e4lin ruuhkautumista.<\/p>\n<p><a href=\"https:\/\/www.suviseurat.fi/2024\/wp-content\/uploads\/2024\/05\/Kuva1_Olhavan-reitti.png\"><img loading=\"lazy\" decoding=\"async\" class=\"wp-image-19891  alignnone\" src=\"https:\/\/www.suviseurat.fi/2024\/wp-content\/uploads\/2024\/05\/Kuva1_Olhavan-reitti.png\" alt=\"\" width=\"725\" height=\"425\" srcset=\"https:\/\/www.suviseurat.fi/2024\/wp-content\/uploads\/2024\/05\/Kuva1_Olhavan-reitti.png 869w, https:\/\/www.suviseurat.fi/2024\/wp-content\/uploads\/2024\/05\/Kuva1_Olhavan-reitti-768x451.png 768w\" sizes=\"(max-width: 725px) 100vw, 725px\" \/><\/a><\/p>\n<p>\u00a0<\/p>\n<p><strong>Keski-Suomesta ja esim. Nivalan ja Haapaj\u00e4rven seuduilta<\/strong> saapuvat ohjataan reitti\u00e4 Piippola\/Leskel\u00e4\u2013 Kestil\u00e4\u2013Vaala\u2013Puolanka\u2013Pudasj\u00e4rvi. Reitiksi valitaan seututie 800, jota ajetaan Puolangalle asti. Puolangalta reitti jatkuu kantatiet\u00e4 78 pitkin kohti valtatiet\u00e4 20 ja Pudasj\u00e4rve\u00e4. Ranuantien (kantatie 78) risteyksest\u00e4 k\u00e4\u00e4nnyt\u00e4\u00e4n kohti Ranuaa. Risteyksest\u00e4 on Pudasj\u00e4rven lentokent\u00e4lle alle 4 km<\/p>\n<p><a href=\"https:\/\/www.suviseurat.fi/2024\/wp-content\/uploads\/2024\/05\/Kuva2_Leskelan-reitti.png\"><img loading=\"lazy\" decoding=\"async\" class=\"alignnone wp-image-19882 \" src=\"https:\/\/www.suviseurat.fi/2024\/wp-content\/uploads\/2024\/05\/Kuva2_Leskelan-reitti.png\" alt=\"\" width=\"726\" height=\"428\" srcset=\"https:\/\/www.suviseurat.fi/2024\/wp-content\/uploads\/2024\/05\/Kuva2_Leskelan-reitti.png 869w, https:\/\/www.suviseurat.fi/2024\/wp-content\/uploads\/2024\/05\/Kuva2_Leskelan-reitti-768x452.png 768w\" sizes=\"(max-width: 726px) 100vw, 726px\" \/><\/a><\/p>\n<p>\u00a0<\/p>\n<p><strong>L\u00e4nsi-Lapin ja Ruotsin suunnasta<\/strong> tulevat valtatiet\u00e4 4 Iiin Olhavaan, josta k\u00e4\u00e4nnyt\u00e4\u00e4n seututielle 855. Olhavasta reitti jatkuu seututiet\u00e4 855 Ranuantielle (kantatie 78) asti ja siit\u00e4 Pudasj\u00e4rven lentokent\u00e4lle. Reitill\u00e4 on opasteet.<\/p>\n<p><a href=\"https:\/\/www.suviseurat.fi/2024\/wp-content\/uploads\/2024\/05\/lansilappi-pudasjarvi.jpg\"><img loading=\"lazy\" decoding=\"async\" class=\"alignnone wp-image-20049\" src=\"https:\/\/www.suviseurat.fi/2024\/wp-content\/uploads\/2024\/05\/lansilappi-pudasjarvi.jpg\" alt=\"\" width=\"735\" height=\"403\" srcset=\"https:\/\/www.suviseurat.fi/2024\/wp-content\/uploads\/2024\/05\/lansilappi-pudasjarvi.jpg 947w, https:\/\/www.suviseurat.fi/2024\/wp-content\/uploads\/2024\/05\/lansilappi-pudasjarvi-768x422.jpg 768w\" sizes=\"(max-width: 735px) 100vw, 735px\" \/><\/a><\/p>\n<p>\u00a0<\/p>\n<p><strong>Pohjoisesta<\/strong> tulevat ajavat kantatiet\u00e4 78 Rovaniemen ja Ranuan kautta Pudasj\u00e4rvelle.<\/p>\n<p><a href=\"https:\/\/www.suviseurat.fi/2024\/wp-content\/uploads\/2024\/05\/rovaniemi-pudasjarvi.jpg\"><img loading=\"lazy\" decoding=\"async\" class=\"alignnone wp-image-20058\" src=\"https:\/\/www.suviseurat.fi/2024\/wp-content\/uploads\/2024\/05\/rovaniemi-pudasjarvi.jpg\" alt=\"\" width=\"733\" height=\"651\" srcset=\"https:\/\/www.suviseurat.fi/2024\/wp-content\/uploads\/2024\/05\/rovaniemi-pudasjarvi.jpg 788w, https:\/\/www.suviseurat.fi/2024\/wp-content\/uploads\/2024\/05\/rovaniemi-pudasjarvi-768x681.jpg 768w\" sizes=\"(max-width: 733px) 100vw, 733px\" \/><\/a><\/p>\n","protected":false},"excerpt":{"rendered":"<p>Katso reittiohjeet P\u00e4iv\u00e4pys\u00e4k\u00f6inti \u00a0 Suviseura-alue Pudasj\u00e4rven lentokent\u00e4ll\u00e4 avautuu keskiviikkona 26.6. klo 9 Alueet t\u00e4ytet\u00e4\u00e4n saapumisj\u00e4rjestyksess\u00e4,<a class=\"moretag\" href=\"https:\/\/www.suviseurat.fi/2024\/liikenne\/saapuminen\/\">Jatka lukemista ><\/a><\/p>\n","protected":false},"author":19,"featured_media":0,"parent":4199,"menu_order":1,"comment_status":"closed","ping_status":"closed","template":"","meta":{"_acf_changed":false,"footnotes":""},"class_list":["post-4226","page","type-page","status-publish","hentry"],"acf":[],"yoast_head":"<!-- This site is optimized with the Yoast SEO plugin v23.3 - https:\/\/yoast.com\/wordpress\/plugins\/seo\/ -->\n<title>Saapuminen ja reittiohjeet - SRK:n Suviseurat Pudasj\u00e4rvell\u00e4 2024<\/title>\n<meta name=\"description\" content=\"Katso reittiohjeet P\u00e4iv\u00e4pys\u00e4k\u00f6inti \u00a0 Suviseura-alue Pudasj\u00e4rven lentokent\u00e4ll\u00e4 avautuu keskiviikkona 26.6. klo 9 Alueet t\u00e4ytet\u00e4\u00e4n saapumisj\u00e4rjestyksess\u00e4,\" \/>\n<meta name=\"robots\" content=\"index, follow, max-snippet:-1, max-image-preview:large, max-video-preview:-1\" \/>\n<link rel=\"canonical\" href=\"https:\/\/www.suviseurat.fi/2024\/liikenne\/saapuminen\/\" \/>\n<meta property=\"og:locale\" content=\"fi_FI\" \/>\n<meta property=\"og:type\" content=\"article\" \/>\n<meta property=\"og:title\" content=\"Saapuminen ja reittiohjeet - SRK:n Suviseurat Pudasj\u00e4rvell\u00e4 2024\" \/>\n<meta property=\"og:description\" content=\"Katso reittiohjeet P\u00e4iv\u00e4pys\u00e4k\u00f6inti \u00a0 Suviseura-alue Pudasj\u00e4rven lentokent\u00e4ll\u00e4 avautuu keskiviikkona 26.6. klo 9 Alueet t\u00e4ytet\u00e4\u00e4n saapumisj\u00e4rjestyksess\u00e4,\" \/>\n<meta property=\"og:url\" content=\"https:\/\/www.suviseurat.fi/2024\/liikenne\/saapuminen\/\" \/>\n<meta property=\"og:site_name\" content=\"SRK:n Suviseurat Pudasj\u00e4rvell\u00e4 2024\" \/>\n<meta property=\"article:publisher\" content=\"https:\/\/www.facebook.com\/SRKryNyt\/\" \/>\n<meta property=\"article:modified_time\" content=\"2024-06-27T09:51:01+00:00\" \/>\n<meta property=\"og:image\" content=\"https:\/\/www.suviseurat.fi/2024\/wp-content\/uploads\/2024\/05\/Kuva3_etelasta-tulevien-reitti.png\" \/>\n<meta name=\"twitter:card\" content=\"summary_large_image\" \/>\n<meta name=\"twitter:site\" content=\"@Suviseurat\" \/>\n<meta name=\"twitter:label1\" content=\"Arvioitu lukuaika\" \/>\n\t<meta name=\"twitter:data1\" content=\"2 minuuttia\" \/>\n<script type=\"application\/ld+json\" class=\"yoast-schema-graph\">{\"@context\":\"https:\/\/schema.org\",\"@graph\":[{\"@type\":\"WebPage\",\"@id\":\"https:\/\/www.suviseurat.fi/2024\/liikenne\/saapuminen\/\",\"url\":\"https:\/\/www.suviseurat.fi/2024\/liikenne\/saapuminen\/\",\"name\":\"Saapuminen ja reittiohjeet - SRK:n Suviseurat Pudasj\u00e4rvell\u00e4 2024\",\"isPartOf\":{\"@id\":\"https:\/\/www.suviseurat.fi/2024\/#website\"},\"primaryImageOfPage\":{\"@id\":\"https:\/\/www.suviseurat.fi/2024\/liikenne\/saapuminen\/#primaryimage\"},\"image\":{\"@id\":\"https:\/\/www.suviseurat.fi/2024\/liikenne\/saapuminen\/#primaryimage\"},\"thumbnailUrl\":\"https:\/\/www.suviseurat.fi/2024\/wp-content\/uploads\/2024\/05\/Kuva3_etelasta-tulevien-reitti.png\",\"datePublished\":\"2024-05-26T12:00:00+00:00\",\"dateModified\":\"2024-06-27T09:51:01+00:00\",\"description\":\"Katso reittiohjeet P\u00e4iv\u00e4pys\u00e4k\u00f6inti \u00a0 Suviseura-alue Pudasj\u00e4rven lentokent\u00e4ll\u00e4 avautuu keskiviikkona 26.6. klo 9 Alueet t\u00e4ytet\u00e4\u00e4n saapumisj\u00e4rjestyksess\u00e4,\",\"breadcrumb\":{\"@id\":\"https:\/\/www.suviseurat.fi/2024\/liikenne\/saapuminen\/#breadcrumb\"},\"inLanguage\":\"fi\",\"potentialAction\":[{\"@type\":\"ReadAction\",\"target\":[\"https:\/\/www.suviseurat.fi/2024\/liikenne\/saapuminen\/\"]}]},{\"@type\":\"ImageObject\",\"inLanguage\":\"fi\",\"@id\":\"https:\/\/www.suviseurat.fi/2024\/liikenne\/saapuminen\/#primaryimage\",\"url\":\"https:\/\/www.suviseurat.fi/2024\/wp-content\/uploads\/2024\/05\/Kuva3_etelasta-tulevien-reitti.png\",\"contentUrl\":\"https:\/\/www.suviseurat.fi/2024\/wp-content\/uploads\/2024\/05\/Kuva3_etelasta-tulevien-reitti.png\"},{\"@type\":\"BreadcrumbList\",\"@id\":\"https:\/\/www.suviseurat.fi/2024\/liikenne\/saapuminen\/#breadcrumb\",\"itemListElement\":[{\"@type\":\"ListItem\",\"position\":1,\"name\":\"Etusivu\",\"item\":\"https:\/\/www.suviseurat.fi/2024\/\"},{\"@type\":\"ListItem\",\"position\":2,\"name\":\"Liikenne\",\"item\":\"https:\/\/www.suviseurat.fi/2024\/liikenne\/\"},{\"@type\":\"ListItem\",\"position\":3,\"name\":\"Saapuminen ja reittiohjeet\"}]},{\"@type\":\"WebSite\",\"@id\":\"https:\/\/www.suviseurat.fi/2024\/#website\",\"url\":\"https:\/\/www.suviseurat.fi/2024\/\",\"name\":\"SRK:n Suviseurat Pudasj\u00e4rvell\u00e4 2024\",\"description\":\"Olenko min\u00e4 sinulle rakas?\",\"publisher\":{\"@id\":\"https:\/\/www.suviseurat.fi/2024\/#organization\"},\"potentialAction\":[{\"@type\":\"SearchAction\",\"target\":{\"@type\":\"EntryPoint\",\"urlTemplate\":\"https:\/\/www.suviseurat.fi/2024\/?s={search_term_string}\"},\"query-input\":\"required name=search_term_string\"}],\"inLanguage\":\"fi\"},{\"@type\":\"Organization\",\"@id\":\"https:\/\/www.suviseurat.fi/2024\/#organization\",\"name\":\"Suviseurat\",\"url\":\"https:\/\/www.suviseurat.fi/2024\/\",\"logo\":{\"@type\":\"ImageObject\",\"inLanguage\":\"fi\",\"@id\":\"https:\/\/www.suviseurat.fi/2024\/#\/schema\/logo\/image\/\",\"url\":\"https:\/\/www.suviseurat.fi/2024\/wp-content\/uploads\/2023\/10\/tunnus-nelio.jpg\",\"contentUrl\":\"https:\/\/www.suviseurat.fi/2024\/wp-content\/uploads\/2023\/10\/tunnus-nelio.jpg\",\"width\":1000,\"height\":1000,\"caption\":\"Suviseurat\"},\"image\":{\"@id\":\"https:\/\/www.suviseurat.fi/2024\/#\/schema\/logo\/image\/\"},\"sameAs\":[\"https:\/\/www.facebook.com\/SRKryNyt\/\",\"https:\/\/x.com\/Suviseurat\",\"https:\/\/www.facebook.com\/srksuviseurat\/\",\"https:\/\/www.youtube.com\/@SRKnyt\",\"https:\/\/www.instagram.com\/srk_nyt\/\",\"https:\/\/www.flickr.com\/photos\/suviseurat\"]}]}<\/script>\n<!-- \/ Yoast SEO plugin. -->","yoast_head_json":{"title":"Saapuminen ja reittiohjeet - SRK:n Suviseurat Pudasj\u00e4rvell\u00e4 2024","description":"Katso reittiohjeet P\u00e4iv\u00e4pys\u00e4k\u00f6inti \u00a0 Suviseura-alue Pudasj\u00e4rven lentokent\u00e4ll\u00e4 avautuu keskiviikkona 26.6. klo 9 Alueet t\u00e4ytet\u00e4\u00e4n saapumisj\u00e4rjestyksess\u00e4,","robots":{"index":"index","follow":"follow","max-snippet":"max-snippet:-1","max-image-preview":"max-image-preview:large","max-video-preview":"max-video-preview:-1"},"canonical":"https:\/\/www.suviseurat.fi/2024\/liikenne\/saapuminen\/","og_locale":"fi_FI","og_type":"article","og_title":"Saapuminen ja reittiohjeet - SRK:n Suviseurat Pudasj\u00e4rvell\u00e4 2024","og_description":"Katso reittiohjeet P\u00e4iv\u00e4pys\u00e4k\u00f6inti \u00a0 Suviseura-alue Pudasj\u00e4rven lentokent\u00e4ll\u00e4 avautuu keskiviikkona 26.6. klo 9 Alueet t\u00e4ytet\u00e4\u00e4n saapumisj\u00e4rjestyksess\u00e4,","og_url":"https:\/\/www.suviseurat.fi/2024\/liikenne\/saapuminen\/","og_site_name":"SRK:n Suviseurat Pudasj\u00e4rvell\u00e4 2024","article_publisher":"https:\/\/www.facebook.com\/SRKryNyt\/","article_modified_time":"2024-06-27T09:51:01+00:00","og_image":[{"url":"https:\/\/www.suviseurat.fi/2024\/wp-content\/uploads\/2024\/05\/Kuva3_etelasta-tulevien-reitti.png"}],"twitter_card":"summary_large_image","twitter_site":"@Suviseurat","twitter_misc":{"Arvioitu lukuaika":"2 minuuttia"},"schema":{"@context":"https:\/\/schema.org","@graph":[{"@type":"WebPage","@id":"https:\/\/www.suviseurat.fi/2024\/liikenne\/saapuminen\/","url":"https:\/\/www.suviseurat.fi/2024\/liikenne\/saapuminen\/","name":"Saapuminen ja reittiohjeet - SRK:n Suviseurat Pudasj\u00e4rvell\u00e4 2024","isPartOf":{"@id":"https:\/\/www.suviseurat.fi/2024\/#website"},"primaryImageOfPage":{"@id":"https:\/\/www.suviseurat.fi/2024\/liikenne\/saapuminen\/#primaryimage"},"image":{"@id":"https:\/\/www.suviseurat.fi/2024\/liikenne\/saapuminen\/#primaryimage"},"thumbnailUrl":"https:\/\/www.suviseurat.fi/2024\/wp-content\/uploads\/2024\/05\/Kuva3_etelasta-tulevien-reitti.png","datePublished":"2024-05-26T12:00:00+00:00","dateModified":"2024-06-27T09:51:01+00:00","description":"Katso reittiohjeet P\u00e4iv\u00e4pys\u00e4k\u00f6inti \u00a0 Suviseura-alue Pudasj\u00e4rven lentokent\u00e4ll\u00e4 avautuu keskiviikkona 26.6. klo 9 Alueet t\u00e4ytet\u00e4\u00e4n saapumisj\u00e4rjestyksess\u00e4,","breadcrumb":{"@id":"https:\/\/www.suviseurat.fi/2024\/liikenne\/saapuminen\/#breadcrumb"},"inLanguage":"fi","potentialAction":[{"@type":"ReadAction","target":["https:\/\/www.suviseurat.fi/2024\/liikenne\/saapuminen\/"]}]},{"@type":"ImageObject","inLanguage":"fi","@id":"https:\/\/www.suviseurat.fi/2024\/liikenne\/saapuminen\/#primaryimage","url":"https:\/\/www.suviseurat.fi/2024\/wp-content\/uploads\/2024\/05\/Kuva3_etelasta-tulevien-reitti.png","contentUrl":"https:\/\/www.suviseurat.fi/2024\/wp-content\/uploads\/2024\/05\/Kuva3_etelasta-tulevien-reitti.png"},{"@type":"BreadcrumbList","@id":"https:\/\/www.suviseurat.fi/2024\/liikenne\/saapuminen\/#breadcrumb","itemListElement":[{"@type":"ListItem","position":1,"name":"Etusivu","item":"https:\/\/www.suviseurat.fi/2024\/"},{"@type":"ListItem","position":2,"name":"Liikenne","item":"https:\/\/www.suviseurat.fi/2024\/liikenne\/"},{"@type":"ListItem","position":3,"name":"Saapuminen ja reittiohjeet"}]},{"@type":"WebSite","@id":"https:\/\/www.suviseurat.fi/2024\/#website","url":"https:\/\/www.suviseurat.fi/2024\/","name":"SRK:n Suviseurat Pudasj\u00e4rvell\u00e4 2024","description":"Olenko min\u00e4 sinulle rakas?","publisher":{"@id":"https:\/\/www.suviseurat.fi/2024\/#organization"},"potentialAction":[{"@type":"SearchAction","target":{"@type":"EntryPoint","urlTemplate":"https:\/\/www.suviseurat.fi/2024\/?s={search_term_string}"},"query-input":"required name=search_term_string"}],"inLanguage":"fi"},{"@type":"Organization","@id":"https:\/\/www.suviseurat.fi/2024\/#organization","name":"Suviseurat","url":"https:\/\/www.suviseurat.fi/2024\/","logo":{"@type":"ImageObject","inLanguage":"fi","@id":"https:\/\/www.suviseurat.fi/2024\/#\/schema\/logo\/image\/","url":"https:\/\/www.suviseurat.fi/2024\/wp-content\/uploads\/2023\/10\/tunnus-nelio.jpg","contentUrl":"https:\/\/www.suviseurat.fi/2024\/wp-content\/uploads\/2023\/10\/tunnus-nelio.jpg","width":1000,"height":1000,"caption":"Suviseurat"},"image":{"@id":"https:\/\/www.suviseurat.fi/2024\/#\/schema\/logo\/image\/"},"sameAs":["https:\/\/www.facebook.com\/SRKryNyt\/","https:\/\/x.com\/Suviseurat","https:\/\/www.facebook.com\/srksuviseurat\/","https:\/\/www.youtube.com\/@SRKnyt","https:\/\/www.instagram.com\/srk_nyt\/","https:\/\/www.flickr.com\/photos\/suviseurat"]}]}},"_links":{"self":[{"href":"https:\/\/www.suviseurat.fi/2024\/wp-json\/wp\/v2\/pages\/4226"}],"collection":[{"href":"https:\/\/www.suviseurat.fi/2024\/wp-json\/wp\/v2\/pages"}],"about":[{"href":"https:\/\/www.suviseurat.fi/2024\/wp-json\/wp\/v2\/types\/page"}],"author":[{"embeddable":true,"href":"https:\/\/www.suviseurat.fi/2024\/wp-json\/wp\/v2\/users\/19"}],"replies":[{"embeddable":true,"href":"https:\/\/www.suviseurat.fi/2024\/wp-json\/wp\/v2\/comments?post=4226"}],"version-history":[{"count":32,"href":"https:\/\/www.suviseurat.fi/2024\/wp-json\/wp\/v2\/pages\/4226\/revisions"}],"predecessor-version":[{"id":20917,"href":"https:\/\/www.suviseurat.fi/2024\/wp-json\/wp\/v2\/pages\/4226\/revisions\/20917"}],"up":[{"embeddable":true,"href":"https:\/\/www.suviseurat.fi/2024\/wp-json\/wp\/v2\/pages\/4199"}],"wp:attachment":[{"href":"https:\/\/www.suviseurat.fi/2024\/wp-json\/wp\/v2\/media?parent=4226"}],"curies":[{"name":"wp","href":"https:\/\/api.w.org\/{rel}","templated":true}]}}