{"id":8287,"date":"2024-05-14T14:53:54","date_gmt":"2024-05-14T11:53:54","guid":{"rendered":"https:\/\/www.suviseurat.fi/2024\/?page_id=8287"},"modified":"2024-05-14T14:53:55","modified_gmt":"2024-05-14T11:53:55","slug":"tue-toimintaa","status":"publish","type":"page","link":"https:\/\/www.suviseurat.fi/2024\/suviseurat\/tue-toimintaa\/","title":{"rendered":"Tue toimintaa"},"content":{"rendered":"\n<h3><strong>Tue toimintaa<\/strong><\/h3>\n<p>Suviseurat toteutetaan vapaaehtoisena talkooty\u00f6n\u00e4. Ker\u00e4tt\u00e4v\u00e4t varat k\u00e4ytet\u00e4\u00e4n Pudasj\u00e4rven Suviseurojen valmisteluista ja j\u00e4rjestelyist\u00e4 aiheutuvien kulujen kattamiseen.<\/p>\n<div class=\"c-message_kit__blocks c-message_kit__blocks--rich_text\">\n<div class=\"c-message__message_blocks c-message__message_blocks--rich_text\" data-qa=\"message-text\">\n<div class=\"p-block_kit_renderer\" data-qa=\"block-kit-renderer\">\n<div class=\"p-block_kit_renderer__block_wrapper p-block_kit_renderer__block_wrapper--first\">\n<div class=\"p-rich_text_block\" dir=\"auto\">\n<div class=\"p-rich_text_section\"><strong>Lahjoitustili<\/strong>: <span style=\"font-size: revert\">FI24 5194 0720 2165 50<\/span><\/div>\n<div>\u00a0<\/div>\n<div><strong>MobilePay-lyhytnumerot:<\/strong><\/div>\n<p>Lahjoitukset: <a href=\"https:\/\/mobilepay.fi\/Yrityksille\/Maksulinkki\/maksulinkki-vastaus?phone=10306\" target=\"_blank\" rel=\"noopener\">10306<\/a><br \/>Kentt\u00e4maksu: <a href=\"https:\/\/mobilepay.fi\/Yrityksille\/Maksulinkki\/maksulinkki-vastaus?phone=10307\" target=\"_blank\" rel=\"noopener\">10307<\/a><\/p>\n<p>\u00a0<\/p>\n<\/div>\n<\/div>\n<\/div>\n<\/div>\n<\/div>\n<h3><strong>Rahanker\u00e4yslupa<\/strong><\/h3>\n<p><span style=\"font-size: revert\">Rahanker\u00e4yslupa: RA\/2021\/179, my\u00f6nt\u00e4nyt Poliisihallitus 18.2.2021<br \/><\/span><span style=\"font-weight: 400\">Luvan saaja: Kuusamon Rauhanyhdistys ry.<br \/><\/span><span style=\"font-weight: 400\">Voimassa: 18.2.2021 alkaen.\u00a0<br \/><\/span><\/p>\n<p><span style=\"font-weight: 400\">Uusi lis\u00e4tty k\u00e4ytt\u00f6tarkoitus:<br \/><\/span><span style=\"font-weight: 400\">Varoja k\u00e4ytet\u00e4\u00e4n 28.6.\u20131.7.2024 Pudasj\u00e4rvell\u00e4 j\u00e4rjestett\u00e4vien Suviseurojen valmisteluista ja j\u00e4rjest\u00e4misest\u00e4 aiheutuvien kulujen kattamiseen, kuten j\u00e4te- ja vesihuoltokulut, tilojen ja tarvikkeiden hankinta- ja vuokrauskulut, ajoneuvojen vuokraus, sek\u00e4 polttoaine- ja s\u00e4hk\u00f6kulut.<\/span><\/p>\n<p>Lupa on voimassa koko Suomessa.<\/p>\n<p><img loading=\"lazy\" decoding=\"async\" class=\"alignnone  wp-image-10791\" src=\"https:\/\/www.suviseurat.fi/2024\/wp-content\/uploads\/2022\/06\/IMG_0029-1-1024x683.jpg\" alt=\"\" width=\"489\" height=\"326\" srcset=\"https:\/\/www.suviseurat.fi/2024\/wp-content\/uploads\/2022\/06\/IMG_0029-1-1024x683.jpg 1024w, https:\/\/www.suviseurat.fi/2024\/wp-content\/uploads\/2022\/06\/IMG_0029-1-768x512.jpg 768w, https:\/\/www.suviseurat.fi/2024\/wp-content\/uploads\/2022\/06\/IMG_0029-1.jpg 1500w\" sizes=\"(max-width: 489px) 100vw, 489px\" \/><\/p>\n","protected":false},"excerpt":{"rendered":"<p>Tue toimintaa Suviseurat toteutetaan vapaaehtoisena talkooty\u00f6n\u00e4. Ker\u00e4tt\u00e4v\u00e4t varat k\u00e4ytet\u00e4\u00e4n Pudasj\u00e4rven Suviseurojen valmisteluista ja j\u00e4rjestelyist\u00e4 aiheutuvien<a class=\"moretag\" href=\"https:\/\/www.suviseurat.fi/2024\/suviseurat\/tue-toimintaa\/\">Jatka lukemista ><\/a><\/p>\n","protected":false},"author":19,"featured_media":0,"parent":74,"menu_order":6,"comment_status":"closed","ping_status":"closed","template":"","meta":{"_acf_changed":false,"footnotes":""},"class_list":["post-8287","page","type-page","status-publish","hentry"],"acf":[],"yoast_head":"<!-- This site is optimized with the Yoast SEO plugin v23.3 - https:\/\/yoast.com\/wordpress\/plugins\/seo\/ -->\n<title>Tue toimintaa - SRK:n Suviseurat Pudasj\u00e4rvell\u00e4 2024<\/title>\n<meta name=\"description\" content=\"Tue toimintaa Suviseurat toteutetaan vapaaehtoisena talkooty\u00f6n\u00e4. Ker\u00e4tt\u00e4v\u00e4t varat k\u00e4ytet\u00e4\u00e4n Pudasj\u00e4rven Suviseurojen valmisteluista ja j\u00e4rjestelyist\u00e4\" \/>\n<meta name=\"robots\" content=\"index, follow, max-snippet:-1, max-image-preview:large, max-video-preview:-1\" \/>\n<link rel=\"canonical\" href=\"https:\/\/www.suviseurat.fi/2024\/suviseurat\/tue-toimintaa\/\" \/>\n<meta property=\"og:locale\" content=\"fi_FI\" \/>\n<meta property=\"og:type\" content=\"article\" \/>\n<meta property=\"og:title\" content=\"Tue toimintaa - SRK:n Suviseurat Pudasj\u00e4rvell\u00e4 2024\" \/>\n<meta property=\"og:description\" content=\"Tue toimintaa Suviseurat toteutetaan vapaaehtoisena talkooty\u00f6n\u00e4. Ker\u00e4tt\u00e4v\u00e4t varat k\u00e4ytet\u00e4\u00e4n Pudasj\u00e4rven Suviseurojen valmisteluista ja j\u00e4rjestelyist\u00e4\" \/>\n<meta property=\"og:url\" content=\"https:\/\/www.suviseurat.fi/2024\/suviseurat\/tue-toimintaa\/\" \/>\n<meta property=\"og:site_name\" content=\"SRK:n Suviseurat Pudasj\u00e4rvell\u00e4 2024\" \/>\n<meta property=\"article:publisher\" content=\"https:\/\/www.facebook.com\/SRKryNyt\/\" \/>\n<meta property=\"article:modified_time\" content=\"2024-05-14T11:53:55+00:00\" \/>\n<meta property=\"og:image\" content=\"https:\/\/www.suviseurat.fi/2024\/wp-content\/uploads\/2022\/06\/IMG_0029-1-1024x683.jpg\" \/>\n<meta name=\"twitter:card\" content=\"summary_large_image\" \/>\n<meta name=\"twitter:site\" content=\"@Suviseurat\" \/>\n<meta name=\"twitter:label1\" content=\"Arvioitu lukuaika\" \/>\n\t<meta name=\"twitter:data1\" content=\"1 minuutti\" \/>\n<script type=\"application\/ld+json\" class=\"yoast-schema-graph\">{\"@context\":\"https:\/\/schema.org\",\"@graph\":[{\"@type\":\"WebPage\",\"@id\":\"https:\/\/www.suviseurat.fi/2024\/suviseurat\/tue-toimintaa\/\",\"url\":\"https:\/\/www.suviseurat.fi/2024\/suviseurat\/tue-toimintaa\/\",\"name\":\"Tue toimintaa - SRK:n Suviseurat Pudasj\u00e4rvell\u00e4 2024\",\"isPartOf\":{\"@id\":\"https:\/\/www.suviseurat.fi/2024\/#website\"},\"primaryImageOfPage\":{\"@id\":\"https:\/\/www.suviseurat.fi/2024\/suviseurat\/tue-toimintaa\/#primaryimage\"},\"image\":{\"@id\":\"https:\/\/www.suviseurat.fi/2024\/suviseurat\/tue-toimintaa\/#primaryimage\"},\"thumbnailUrl\":\"https:\/\/www.suviseurat.fi/2024\/wp-content\/uploads\/2022\/06\/IMG_0029-1-1024x683.jpg\",\"datePublished\":\"2024-05-14T11:53:54+00:00\",\"dateModified\":\"2024-05-14T11:53:55+00:00\",\"description\":\"Tue toimintaa Suviseurat toteutetaan vapaaehtoisena talkooty\u00f6n\u00e4. Ker\u00e4tt\u00e4v\u00e4t varat k\u00e4ytet\u00e4\u00e4n Pudasj\u00e4rven Suviseurojen valmisteluista ja j\u00e4rjestelyist\u00e4\",\"breadcrumb\":{\"@id\":\"https:\/\/www.suviseurat.fi/2024\/suviseurat\/tue-toimintaa\/#breadcrumb\"},\"inLanguage\":\"fi\",\"potentialAction\":[{\"@type\":\"ReadAction\",\"target\":[\"https:\/\/www.suviseurat.fi/2024\/suviseurat\/tue-toimintaa\/\"]}]},{\"@type\":\"ImageObject\",\"inLanguage\":\"fi\",\"@id\":\"https:\/\/www.suviseurat.fi/2024\/suviseurat\/tue-toimintaa\/#primaryimage\",\"url\":\"https:\/\/www.suviseurat.fi/2024\/wp-content\/uploads\/2022\/06\/IMG_0029-1.jpg\",\"contentUrl\":\"https:\/\/www.suviseurat.fi/2024\/wp-content\/uploads\/2022\/06\/IMG_0029-1.jpg\",\"width\":1500,\"height\":1000},{\"@type\":\"BreadcrumbList\",\"@id\":\"https:\/\/www.suviseurat.fi/2024\/suviseurat\/tue-toimintaa\/#breadcrumb\",\"itemListElement\":[{\"@type\":\"ListItem\",\"position\":1,\"name\":\"Etusivu\",\"item\":\"https:\/\/www.suviseurat.fi/2024\/\"},{\"@type\":\"ListItem\",\"position\":2,\"name\":\"Suviseurat\",\"item\":\"https:\/\/www.suviseurat.fi/2024\/suviseurat\/\"},{\"@type\":\"ListItem\",\"position\":3,\"name\":\"Tue toimintaa\"}]},{\"@type\":\"WebSite\",\"@id\":\"https:\/\/www.suviseurat.fi/2024\/#website\",\"url\":\"https:\/\/www.suviseurat.fi/2024\/\",\"name\":\"SRK:n Suviseurat Pudasj\u00e4rvell\u00e4 2024\",\"description\":\"Olenko min\u00e4 sinulle rakas?\",\"publisher\":{\"@id\":\"https:\/\/www.suviseurat.fi/2024\/#organization\"},\"potentialAction\":[{\"@type\":\"SearchAction\",\"target\":{\"@type\":\"EntryPoint\",\"urlTemplate\":\"https:\/\/www.suviseurat.fi/2024\/?s={search_term_string}\"},\"query-input\":\"required name=search_term_string\"}],\"inLanguage\":\"fi\"},{\"@type\":\"Organization\",\"@id\":\"https:\/\/www.suviseurat.fi/2024\/#organization\",\"name\":\"Suviseurat\",\"url\":\"https:\/\/www.suviseurat.fi/2024\/\",\"logo\":{\"@type\":\"ImageObject\",\"inLanguage\":\"fi\",\"@id\":\"https:\/\/www.suviseurat.fi/2024\/#\/schema\/logo\/image\/\",\"url\":\"https:\/\/www.suviseurat.fi/2024\/wp-content\/uploads\/2023\/10\/tunnus-nelio.jpg\",\"contentUrl\":\"https:\/\/www.suviseurat.fi/2024\/wp-content\/uploads\/2023\/10\/tunnus-nelio.jpg\",\"width\":1000,\"height\":1000,\"caption\":\"Suviseurat\"},\"image\":{\"@id\":\"https:\/\/www.suviseurat.fi/2024\/#\/schema\/logo\/image\/\"},\"sameAs\":[\"https:\/\/www.facebook.com\/SRKryNyt\/\",\"https:\/\/x.com\/Suviseurat\",\"https:\/\/www.facebook.com\/srksuviseurat\/\",\"https:\/\/www.youtube.com\/@SRKnyt\",\"https:\/\/www.instagram.com\/srk_nyt\/\",\"https:\/\/www.flickr.com\/photos\/suviseurat\"]}]}<\/script>\n<!-- \/ Yoast SEO plugin. -->","yoast_head_json":{"title":"Tue toimintaa - SRK:n Suviseurat Pudasj\u00e4rvell\u00e4 2024","description":"Tue toimintaa Suviseurat toteutetaan vapaaehtoisena talkooty\u00f6n\u00e4. Ker\u00e4tt\u00e4v\u00e4t varat k\u00e4ytet\u00e4\u00e4n Pudasj\u00e4rven Suviseurojen valmisteluista ja j\u00e4rjestelyist\u00e4","robots":{"index":"index","follow":"follow","max-snippet":"max-snippet:-1","max-image-preview":"max-image-preview:large","max-video-preview":"max-video-preview:-1"},"canonical":"https:\/\/www.suviseurat.fi/2024\/suviseurat\/tue-toimintaa\/","og_locale":"fi_FI","og_type":"article","og_title":"Tue toimintaa - SRK:n Suviseurat Pudasj\u00e4rvell\u00e4 2024","og_description":"Tue toimintaa Suviseurat toteutetaan vapaaehtoisena talkooty\u00f6n\u00e4. Ker\u00e4tt\u00e4v\u00e4t varat k\u00e4ytet\u00e4\u00e4n Pudasj\u00e4rven Suviseurojen valmisteluista ja j\u00e4rjestelyist\u00e4","og_url":"https:\/\/www.suviseurat.fi/2024\/suviseurat\/tue-toimintaa\/","og_site_name":"SRK:n Suviseurat Pudasj\u00e4rvell\u00e4 2024","article_publisher":"https:\/\/www.facebook.com\/SRKryNyt\/","article_modified_time":"2024-05-14T11:53:55+00:00","og_image":[{"url":"https:\/\/www.suviseurat.fi/2024\/wp-content\/uploads\/2022\/06\/IMG_0029-1-1024x683.jpg"}],"twitter_card":"summary_large_image","twitter_site":"@Suviseurat","twitter_misc":{"Arvioitu lukuaika":"1 minuutti"},"schema":{"@context":"https:\/\/schema.org","@graph":[{"@type":"WebPage","@id":"https:\/\/www.suviseurat.fi/2024\/suviseurat\/tue-toimintaa\/","url":"https:\/\/www.suviseurat.fi/2024\/suviseurat\/tue-toimintaa\/","name":"Tue toimintaa - SRK:n Suviseurat Pudasj\u00e4rvell\u00e4 2024","isPartOf":{"@id":"https:\/\/www.suviseurat.fi/2024\/#website"},"primaryImageOfPage":{"@id":"https:\/\/www.suviseurat.fi/2024\/suviseurat\/tue-toimintaa\/#primaryimage"},"image":{"@id":"https:\/\/www.suviseurat.fi/2024\/suviseurat\/tue-toimintaa\/#primaryimage"},"thumbnailUrl":"https:\/\/www.suviseurat.fi/2024\/wp-content\/uploads\/2022\/06\/IMG_0029-1-1024x683.jpg","datePublished":"2024-05-14T11:53:54+00:00","dateModified":"2024-05-14T11:53:55+00:00","description":"Tue toimintaa Suviseurat toteutetaan vapaaehtoisena talkooty\u00f6n\u00e4. Ker\u00e4tt\u00e4v\u00e4t varat k\u00e4ytet\u00e4\u00e4n Pudasj\u00e4rven Suviseurojen valmisteluista ja j\u00e4rjestelyist\u00e4","breadcrumb":{"@id":"https:\/\/www.suviseurat.fi/2024\/suviseurat\/tue-toimintaa\/#breadcrumb"},"inLanguage":"fi","potentialAction":[{"@type":"ReadAction","target":["https:\/\/www.suviseurat.fi/2024\/suviseurat\/tue-toimintaa\/"]}]},{"@type":"ImageObject","inLanguage":"fi","@id":"https:\/\/www.suviseurat.fi/2024\/suviseurat\/tue-toimintaa\/#primaryimage","url":"https:\/\/www.suviseurat.fi/2024\/wp-content\/uploads\/2022\/06\/IMG_0029-1.jpg","contentUrl":"https:\/\/www.suviseurat.fi/2024\/wp-content\/uploads\/2022\/06\/IMG_0029-1.jpg","width":1500,"height":1000},{"@type":"BreadcrumbList","@id":"https:\/\/www.suviseurat.fi/2024\/suviseurat\/tue-toimintaa\/#breadcrumb","itemListElement":[{"@type":"ListItem","position":1,"name":"Etusivu","item":"https:\/\/www.suviseurat.fi/2024\/"},{"@type":"ListItem","position":2,"name":"Suviseurat","item":"https:\/\/www.suviseurat.fi/2024\/suviseurat\/"},{"@type":"ListItem","position":3,"name":"Tue toimintaa"}]},{"@type":"WebSite","@id":"https:\/\/www.suviseurat.fi/2024\/#website","url":"https:\/\/www.suviseurat.fi/2024\/","name":"SRK:n Suviseurat Pudasj\u00e4rvell\u00e4 2024","description":"Olenko min\u00e4 sinulle rakas?","publisher":{"@id":"https:\/\/www.suviseurat.fi/2024\/#organization"},"potentialAction":[{"@type":"SearchAction","target":{"@type":"EntryPoint","urlTemplate":"https:\/\/www.suviseurat.fi/2024\/?s={search_term_string}"},"query-input":"required name=search_term_string"}],"inLanguage":"fi"},{"@type":"Organization","@id":"https:\/\/www.suviseurat.fi/2024\/#organization","name":"Suviseurat","url":"https:\/\/www.suviseurat.fi/2024\/","logo":{"@type":"ImageObject","inLanguage":"fi","@id":"https:\/\/www.suviseurat.fi/2024\/#\/schema\/logo\/image\/","url":"https:\/\/www.suviseurat.fi/2024\/wp-content\/uploads\/2023\/10\/tunnus-nelio.jpg","contentUrl":"https:\/\/www.suviseurat.fi/2024\/wp-content\/uploads\/2023\/10\/tunnus-nelio.jpg","width":1000,"height":1000,"caption":"Suviseurat"},"image":{"@id":"https:\/\/www.suviseurat.fi/2024\/#\/schema\/logo\/image\/"},"sameAs":["https:\/\/www.facebook.com\/SRKryNyt\/","https:\/\/x.com\/Suviseurat","https:\/\/www.facebook.com\/srksuviseurat\/","https:\/\/www.youtube.com\/@SRKnyt","https:\/\/www.instagram.com\/srk_nyt\/","https:\/\/www.flickr.com\/photos\/suviseurat"]}]}},"_links":{"self":[{"href":"https:\/\/www.suviseurat.fi/2024\/wp-json\/wp\/v2\/pages\/8287"}],"collection":[{"href":"https:\/\/www.suviseurat.fi/2024\/wp-json\/wp\/v2\/pages"}],"about":[{"href":"https:\/\/www.suviseurat.fi/2024\/wp-json\/wp\/v2\/types\/page"}],"author":[{"embeddable":true,"href":"https:\/\/www.suviseurat.fi/2024\/wp-json\/wp\/v2\/users\/19"}],"replies":[{"embeddable":true,"href":"https:\/\/www.suviseurat.fi/2024\/wp-json\/wp\/v2\/comments?post=8287"}],"version-history":[{"count":15,"href":"https:\/\/www.suviseurat.fi/2024\/wp-json\/wp\/v2\/pages\/8287\/revisions"}],"predecessor-version":[{"id":19581,"href":"https:\/\/www.suviseurat.fi/2024\/wp-json\/wp\/v2\/pages\/8287\/revisions\/19581"}],"up":[{"embeddable":true,"href":"https:\/\/www.suviseurat.fi/2024\/wp-json\/wp\/v2\/pages\/74"}],"wp:attachment":[{"href":"https:\/\/www.suviseurat.fi/2024\/wp-json\/wp\/v2\/media?parent=8287"}],"curies":[{"name":"wp","href":"https:\/\/api.w.org\/{rel}","templated":true}]}}