{"id":834,"date":"2024-05-14T15:32:20","date_gmt":"2024-05-14T12:32:20","guid":{"rendered":"https:\/\/www.suviseurat.fi/2024\/?page_id=834"},"modified":"2024-06-27T00:12:42","modified_gmt":"2024-06-26T21:12:42","slug":"jatevedet-ja-lajitteluohjeet","status":"publish","type":"page","link":"https:\/\/www.suviseurat.fi/2024\/ohjeet\/jatevedet-ja-lajitteluohjeet\/","title":{"rendered":"J\u00e4tevedet ja lajitteluohjeet"},"content":{"rendered":"<p><span style=\"font-weight: 400\">Suviseura-alue sijaitsee pohjavesialueella. Seura-alueella olevasta vedenottamosta otetaan Pudasj\u00e4rven taajaman talousvesi. Kaikki j\u00e4tevesi ker\u00e4t\u00e4\u00e4n puhdistettavaksi, ja pienetkin \u00f6ljyvuodot ovat vaarallisia.\u00a0<\/span><\/p>\n<p>\u200e \u200e<\/p>\n<h3><b>Kaikki j\u00e4tevesi ker\u00e4t\u00e4\u00e4n<\/b><\/h3>\n<p><span style=\"font-weight: 400\">Mit\u00e4\u00e4n j\u00e4tevett\u00e4 ei saa laskea maahan. Kaikki j\u00e4tevesi ker\u00e4t\u00e4\u00e4n ker\u00e4ysastioihin ja toimitetaan niille varattuihin s\u00e4ili\u00f6ihin. S\u00e4ili\u00f6ist\u00e4 suviseuraj\u00e4rjest\u00e4j\u00e4t toimittavat vedet puhdistamoon.<\/span><\/p>\n<p><b>Harmaavesi<\/b><span style=\"font-weight: 400\"> tarkoittaa peseytymisess\u00e4 ja pesemisess\u00e4 syntyv\u00e4\u00e4 j\u00e4tevett\u00e4, esim. tiski- ja k\u00e4sienpesuvett\u00e4. Matkailuajoneuvojen harmaat j\u00e4tevedet tulee ker\u00e4t\u00e4 koko alueella ja vied\u00e4 niille tarkoitettuihin ker\u00e4ysastioihin. Harmaiden vesien ker\u00e4ysastiat ovat majoitusalueilla olevia valkoisia kuution muuotoisia IBC-kontteja.\u00a0<\/span><\/p>\n<p><b>Kemiallisten wc:iden tyhjennyspisteet<\/b><span style=\"font-weight: 400\"> ovat erikseen. Matkailuajoneuvojen kemialliset wc:t tyhjennet\u00e4\u00e4n wc-ryhmien l\u00e4hell\u00e4 oleviin kemiallisten wc-s\u00e4ili\u00f6iden tyhjennyspisteisiin. Lis\u00e4ksi alueella on muutamia yksitt\u00e4isi\u00e4 tyhjennyspisteit\u00e4.\u00a0<\/span><\/p>\n<p>Huolehdi, ett\u00e4 k\u00e4yt\u00e4t suihkussa\u00a0<b>vain biohajoavia pesuaineita<\/b>. Biohajoavia ovat mm. joutsenlipulla merkityt tuotteet. Kaikki Suviseurojen myym\u00e4l\u00e4ss\u00e4 myyt\u00e4v\u00e4t pesuaineet sopivat k\u00e4ytett\u00e4v\u00e4ksi pohjavesialueella. K\u00e4sienpesupaikalla on tarjolla biohajoavaa nestesaippuaa.<\/p>\n<p>\u200e \u200e<\/p>\n<h3><b>\u00d6ljyvahingoista ilmoitetaan h\u00e4t\u00e4numeroon 112<\/b><\/h3>\n<p><span style=\"font-weight: 400\">Pohjavesialueesta johtuen pienetkin \u00f6ljyvuodot ovat vaarallisia. \u00d6ljyvuodoista on ilmoitettava h\u00e4t\u00e4numeroon 112. Jos havaitset autosi tiputtavan \u00f6ljy\u00e4, laita v\u00e4litt\u00f6m\u00e4sti astia alle.\u00a0<\/span><\/p>\n<p>\u200e \u200e<\/p>\n<h3><b>Lajitteluohjeet<\/b><\/h3>\n<p><span style=\"font-weight: 400\">Seura-alueen j\u00e4tehuolto suoritetaan j\u00e4tehuoltom\u00e4\u00e4r\u00e4ysten mukaisesti. Alueella on 13 lajittelupistett\u00e4. Ne sijaitsevat wc-ryhmien l\u00e4hettyvill\u00e4.<\/span><\/p>\n<p><span style=\"font-weight: 400\">J\u00e4tteet lajitellaan <\/span><b>lasiin, pienmetalliin, bioj\u00e4teeseen ja sekaj\u00e4teeseen.<\/b><span style=\"font-weight: 400\"> Varaa majoituspaikkaasi ker\u00e4ysastia eri j\u00e4tteille.<\/span><\/p>\n<p><a href=\"https:\/\/www.suviseurat.fi/2024\/wp-content\/uploads\/2024\/05\/Jatteiden-lajitteluohje.jpg\"><img loading=\"lazy\" decoding=\"async\" class=\"alignnone wp-image-19740 \" src=\"https:\/\/www.suviseurat.fi/2024\/wp-content\/uploads\/2024\/05\/Jatteiden-lajitteluohje-1024x576.jpg\" alt=\"\" width=\"703\" height=\"396\" srcset=\"https:\/\/www.suviseurat.fi/2024\/wp-content\/uploads\/2024\/05\/Jatteiden-lajitteluohje-1024x576.jpg 1024w, https:\/\/www.suviseurat.fi/2024\/wp-content\/uploads\/2024\/05\/Jatteiden-lajitteluohje-768x432.jpg 768w, https:\/\/www.suviseurat.fi/2024\/wp-content\/uploads\/2024\/05\/Jatteiden-lajitteluohje-1536x864.jpg 1536w, https:\/\/www.suviseurat.fi/2024\/wp-content\/uploads\/2024\/05\/Jatteiden-lajitteluohje.jpg 1600w\" sizes=\"(max-width: 703px) 100vw, 703px\" \/><\/a><\/p>\n<p><span style=\"font-weight: 400\">Elektroniikkaj\u00e4tteiden (SER-j\u00e4te), pattereiden ja akkujen palautuspiste on puhtaanapitotoimistossa. Pattereita voi my\u00f6s palauttaa myym\u00e4l\u00f6iss\u00e4 oleviin pattereiden ker\u00e4ysastioihin. Ep\u00e4selviss\u00e4 tapauksissa kysy ohjeet puhtaanapitotoimistosta.<\/span><\/p>\n<p><b>Seuravieras! Tunne vastuusi huolehtimalla osaltasi seura-alueen siisteydest\u00e4. Poistuessasi seura-alueelta siivoathan majoitusalueesi!<\/b><\/p>\n","protected":false},"excerpt":{"rendered":"<p>Suviseura-alue sijaitsee pohjavesialueella. Seura-alueella olevasta vedenottamosta otetaan Pudasj\u00e4rven taajaman talousvesi. Kaikki j\u00e4tevesi ker\u00e4t\u00e4\u00e4n puhdistettavaksi, ja<a class=\"moretag\" href=\"https:\/\/www.suviseurat.fi/2024\/ohjeet\/jatevedet-ja-lajitteluohjeet\/\">Jatka lukemista ><\/a><\/p>\n","protected":false},"author":19,"featured_media":0,"parent":738,"menu_order":7,"comment_status":"closed","ping_status":"closed","template":"","meta":{"_acf_changed":false,"footnotes":""},"class_list":["post-834","page","type-page","status-publish","hentry"],"acf":[],"yoast_head":"<!-- This site is optimized with the Yoast SEO plugin v23.3 - https:\/\/yoast.com\/wordpress\/plugins\/seo\/ -->\n<title>J\u00e4tevedet ja lajitteluohjeet - SRK:n Suviseurat Pudasj\u00e4rvell\u00e4 2024<\/title>\n<meta name=\"description\" content=\"Suviseura-alue sijaitsee pohjavesialueella. Seura-alueella olevasta vedenottamosta otetaan Pudasj\u00e4rven taajaman talousvesi. Kaikki j\u00e4tevesi ker\u00e4t\u00e4\u00e4n\" \/>\n<meta name=\"robots\" content=\"index, follow, max-snippet:-1, max-image-preview:large, max-video-preview:-1\" \/>\n<link rel=\"canonical\" href=\"https:\/\/www.suviseurat.fi/2024\/ohjeet\/jatevedet-ja-lajitteluohjeet\/\" \/>\n<meta property=\"og:locale\" content=\"fi_FI\" \/>\n<meta property=\"og:type\" content=\"article\" \/>\n<meta property=\"og:title\" content=\"J\u00e4tevedet ja lajitteluohjeet - SRK:n Suviseurat Pudasj\u00e4rvell\u00e4 2024\" \/>\n<meta property=\"og:description\" content=\"Suviseura-alue sijaitsee pohjavesialueella. Seura-alueella olevasta vedenottamosta otetaan Pudasj\u00e4rven taajaman talousvesi. Kaikki j\u00e4tevesi ker\u00e4t\u00e4\u00e4n\" \/>\n<meta property=\"og:url\" content=\"https:\/\/www.suviseurat.fi/2024\/ohjeet\/jatevedet-ja-lajitteluohjeet\/\" \/>\n<meta property=\"og:site_name\" content=\"SRK:n Suviseurat Pudasj\u00e4rvell\u00e4 2024\" \/>\n<meta property=\"article:publisher\" content=\"https:\/\/www.facebook.com\/SRKryNyt\/\" \/>\n<meta property=\"article:modified_time\" content=\"2024-06-26T21:12:42+00:00\" \/>\n<meta property=\"og:image\" content=\"https:\/\/www.suviseurat.fi/2024\/wp-content\/uploads\/2024\/05\/Jatteiden-lajitteluohje-1024x576.jpg\" \/>\n<meta name=\"twitter:card\" content=\"summary_large_image\" \/>\n<meta name=\"twitter:site\" content=\"@Suviseurat\" \/>\n<meta name=\"twitter:label1\" content=\"Arvioitu lukuaika\" \/>\n\t<meta name=\"twitter:data1\" content=\"1 minuutti\" \/>\n<script type=\"application\/ld+json\" class=\"yoast-schema-graph\">{\"@context\":\"https:\/\/schema.org\",\"@graph\":[{\"@type\":\"WebPage\",\"@id\":\"https:\/\/www.suviseurat.fi/2024\/ohjeet\/jatevedet-ja-lajitteluohjeet\/\",\"url\":\"https:\/\/www.suviseurat.fi/2024\/ohjeet\/jatevedet-ja-lajitteluohjeet\/\",\"name\":\"J\u00e4tevedet ja lajitteluohjeet - SRK:n Suviseurat Pudasj\u00e4rvell\u00e4 2024\",\"isPartOf\":{\"@id\":\"https:\/\/www.suviseurat.fi/2024\/#website\"},\"primaryImageOfPage\":{\"@id\":\"https:\/\/www.suviseurat.fi/2024\/ohjeet\/jatevedet-ja-lajitteluohjeet\/#primaryimage\"},\"image\":{\"@id\":\"https:\/\/www.suviseurat.fi/2024\/ohjeet\/jatevedet-ja-lajitteluohjeet\/#primaryimage\"},\"thumbnailUrl\":\"https:\/\/www.suviseurat.fi/2024\/wp-content\/uploads\/2024\/05\/Jatteiden-lajitteluohje-1024x576.jpg\",\"datePublished\":\"2024-05-14T12:32:20+00:00\",\"dateModified\":\"2024-06-26T21:12:42+00:00\",\"description\":\"Suviseura-alue sijaitsee pohjavesialueella. Seura-alueella olevasta vedenottamosta otetaan Pudasj\u00e4rven taajaman talousvesi. Kaikki j\u00e4tevesi ker\u00e4t\u00e4\u00e4n\",\"breadcrumb\":{\"@id\":\"https:\/\/www.suviseurat.fi/2024\/ohjeet\/jatevedet-ja-lajitteluohjeet\/#breadcrumb\"},\"inLanguage\":\"fi\",\"potentialAction\":[{\"@type\":\"ReadAction\",\"target\":[\"https:\/\/www.suviseurat.fi/2024\/ohjeet\/jatevedet-ja-lajitteluohjeet\/\"]}]},{\"@type\":\"ImageObject\",\"inLanguage\":\"fi\",\"@id\":\"https:\/\/www.suviseurat.fi/2024\/ohjeet\/jatevedet-ja-lajitteluohjeet\/#primaryimage\",\"url\":\"https:\/\/www.suviseurat.fi/2024\/wp-content\/uploads\/2024\/05\/Jatteiden-lajitteluohje.jpg\",\"contentUrl\":\"https:\/\/www.suviseurat.fi/2024\/wp-content\/uploads\/2024\/05\/Jatteiden-lajitteluohje.jpg\",\"width\":1600,\"height\":900},{\"@type\":\"BreadcrumbList\",\"@id\":\"https:\/\/www.suviseurat.fi/2024\/ohjeet\/jatevedet-ja-lajitteluohjeet\/#breadcrumb\",\"itemListElement\":[{\"@type\":\"ListItem\",\"position\":1,\"name\":\"Etusivu\",\"item\":\"https:\/\/www.suviseurat.fi/2024\/\"},{\"@type\":\"ListItem\",\"position\":2,\"name\":\"Ohjeet\",\"item\":\"https:\/\/www.suviseurat.fi/2024\/ohjeet\/\"},{\"@type\":\"ListItem\",\"position\":3,\"name\":\"J\u00e4tevedet ja lajitteluohjeet\"}]},{\"@type\":\"WebSite\",\"@id\":\"https:\/\/www.suviseurat.fi/2024\/#website\",\"url\":\"https:\/\/www.suviseurat.fi/2024\/\",\"name\":\"SRK:n Suviseurat Pudasj\u00e4rvell\u00e4 2024\",\"description\":\"Olenko min\u00e4 sinulle rakas?\",\"publisher\":{\"@id\":\"https:\/\/www.suviseurat.fi/2024\/#organization\"},\"potentialAction\":[{\"@type\":\"SearchAction\",\"target\":{\"@type\":\"EntryPoint\",\"urlTemplate\":\"https:\/\/www.suviseurat.fi/2024\/?s={search_term_string}\"},\"query-input\":\"required name=search_term_string\"}],\"inLanguage\":\"fi\"},{\"@type\":\"Organization\",\"@id\":\"https:\/\/www.suviseurat.fi/2024\/#organization\",\"name\":\"Suviseurat\",\"url\":\"https:\/\/www.suviseurat.fi/2024\/\",\"logo\":{\"@type\":\"ImageObject\",\"inLanguage\":\"fi\",\"@id\":\"https:\/\/www.suviseurat.fi/2024\/#\/schema\/logo\/image\/\",\"url\":\"https:\/\/www.suviseurat.fi/2024\/wp-content\/uploads\/2023\/10\/tunnus-nelio.jpg\",\"contentUrl\":\"https:\/\/www.suviseurat.fi/2024\/wp-content\/uploads\/2023\/10\/tunnus-nelio.jpg\",\"width\":1000,\"height\":1000,\"caption\":\"Suviseurat\"},\"image\":{\"@id\":\"https:\/\/www.suviseurat.fi/2024\/#\/schema\/logo\/image\/\"},\"sameAs\":[\"https:\/\/www.facebook.com\/SRKryNyt\/\",\"https:\/\/x.com\/Suviseurat\",\"https:\/\/www.facebook.com\/srksuviseurat\/\",\"https:\/\/www.youtube.com\/@SRKnyt\",\"https:\/\/www.instagram.com\/srk_nyt\/\",\"https:\/\/www.flickr.com\/photos\/suviseurat\"]}]}<\/script>\n<!-- \/ Yoast SEO plugin. -->","yoast_head_json":{"title":"J\u00e4tevedet ja lajitteluohjeet - SRK:n Suviseurat Pudasj\u00e4rvell\u00e4 2024","description":"Suviseura-alue sijaitsee pohjavesialueella. Seura-alueella olevasta vedenottamosta otetaan Pudasj\u00e4rven taajaman talousvesi. Kaikki j\u00e4tevesi ker\u00e4t\u00e4\u00e4n","robots":{"index":"index","follow":"follow","max-snippet":"max-snippet:-1","max-image-preview":"max-image-preview:large","max-video-preview":"max-video-preview:-1"},"canonical":"https:\/\/www.suviseurat.fi/2024\/ohjeet\/jatevedet-ja-lajitteluohjeet\/","og_locale":"fi_FI","og_type":"article","og_title":"J\u00e4tevedet ja lajitteluohjeet - SRK:n Suviseurat Pudasj\u00e4rvell\u00e4 2024","og_description":"Suviseura-alue sijaitsee pohjavesialueella. Seura-alueella olevasta vedenottamosta otetaan Pudasj\u00e4rven taajaman talousvesi. Kaikki j\u00e4tevesi ker\u00e4t\u00e4\u00e4n","og_url":"https:\/\/www.suviseurat.fi/2024\/ohjeet\/jatevedet-ja-lajitteluohjeet\/","og_site_name":"SRK:n Suviseurat Pudasj\u00e4rvell\u00e4 2024","article_publisher":"https:\/\/www.facebook.com\/SRKryNyt\/","article_modified_time":"2024-06-26T21:12:42+00:00","og_image":[{"url":"https:\/\/www.suviseurat.fi/2024\/wp-content\/uploads\/2024\/05\/Jatteiden-lajitteluohje-1024x576.jpg"}],"twitter_card":"summary_large_image","twitter_site":"@Suviseurat","twitter_misc":{"Arvioitu lukuaika":"1 minuutti"},"schema":{"@context":"https:\/\/schema.org","@graph":[{"@type":"WebPage","@id":"https:\/\/www.suviseurat.fi/2024\/ohjeet\/jatevedet-ja-lajitteluohjeet\/","url":"https:\/\/www.suviseurat.fi/2024\/ohjeet\/jatevedet-ja-lajitteluohjeet\/","name":"J\u00e4tevedet ja lajitteluohjeet - SRK:n Suviseurat Pudasj\u00e4rvell\u00e4 2024","isPartOf":{"@id":"https:\/\/www.suviseurat.fi/2024\/#website"},"primaryImageOfPage":{"@id":"https:\/\/www.suviseurat.fi/2024\/ohjeet\/jatevedet-ja-lajitteluohjeet\/#primaryimage"},"image":{"@id":"https:\/\/www.suviseurat.fi/2024\/ohjeet\/jatevedet-ja-lajitteluohjeet\/#primaryimage"},"thumbnailUrl":"https:\/\/www.suviseurat.fi/2024\/wp-content\/uploads\/2024\/05\/Jatteiden-lajitteluohje-1024x576.jpg","datePublished":"2024-05-14T12:32:20+00:00","dateModified":"2024-06-26T21:12:42+00:00","description":"Suviseura-alue sijaitsee pohjavesialueella. Seura-alueella olevasta vedenottamosta otetaan Pudasj\u00e4rven taajaman talousvesi. Kaikki j\u00e4tevesi ker\u00e4t\u00e4\u00e4n","breadcrumb":{"@id":"https:\/\/www.suviseurat.fi/2024\/ohjeet\/jatevedet-ja-lajitteluohjeet\/#breadcrumb"},"inLanguage":"fi","potentialAction":[{"@type":"ReadAction","target":["https:\/\/www.suviseurat.fi/2024\/ohjeet\/jatevedet-ja-lajitteluohjeet\/"]}]},{"@type":"ImageObject","inLanguage":"fi","@id":"https:\/\/www.suviseurat.fi/2024\/ohjeet\/jatevedet-ja-lajitteluohjeet\/#primaryimage","url":"https:\/\/www.suviseurat.fi/2024\/wp-content\/uploads\/2024\/05\/Jatteiden-lajitteluohje.jpg","contentUrl":"https:\/\/www.suviseurat.fi/2024\/wp-content\/uploads\/2024\/05\/Jatteiden-lajitteluohje.jpg","width":1600,"height":900},{"@type":"BreadcrumbList","@id":"https:\/\/www.suviseurat.fi/2024\/ohjeet\/jatevedet-ja-lajitteluohjeet\/#breadcrumb","itemListElement":[{"@type":"ListItem","position":1,"name":"Etusivu","item":"https:\/\/www.suviseurat.fi/2024\/"},{"@type":"ListItem","position":2,"name":"Ohjeet","item":"https:\/\/www.suviseurat.fi/2024\/ohjeet\/"},{"@type":"ListItem","position":3,"name":"J\u00e4tevedet ja lajitteluohjeet"}]},{"@type":"WebSite","@id":"https:\/\/www.suviseurat.fi/2024\/#website","url":"https:\/\/www.suviseurat.fi/2024\/","name":"SRK:n Suviseurat Pudasj\u00e4rvell\u00e4 2024","description":"Olenko min\u00e4 sinulle rakas?","publisher":{"@id":"https:\/\/www.suviseurat.fi/2024\/#organization"},"potentialAction":[{"@type":"SearchAction","target":{"@type":"EntryPoint","urlTemplate":"https:\/\/www.suviseurat.fi/2024\/?s={search_term_string}"},"query-input":"required name=search_term_string"}],"inLanguage":"fi"},{"@type":"Organization","@id":"https:\/\/www.suviseurat.fi/2024\/#organization","name":"Suviseurat","url":"https:\/\/www.suviseurat.fi/2024\/","logo":{"@type":"ImageObject","inLanguage":"fi","@id":"https:\/\/www.suviseurat.fi/2024\/#\/schema\/logo\/image\/","url":"https:\/\/www.suviseurat.fi/2024\/wp-content\/uploads\/2023\/10\/tunnus-nelio.jpg","contentUrl":"https:\/\/www.suviseurat.fi/2024\/wp-content\/uploads\/2023\/10\/tunnus-nelio.jpg","width":1000,"height":1000,"caption":"Suviseurat"},"image":{"@id":"https:\/\/www.suviseurat.fi/2024\/#\/schema\/logo\/image\/"},"sameAs":["https:\/\/www.facebook.com\/SRKryNyt\/","https:\/\/x.com\/Suviseurat","https:\/\/www.facebook.com\/srksuviseurat\/","https:\/\/www.youtube.com\/@SRKnyt","https:\/\/www.instagram.com\/srk_nyt\/","https:\/\/www.flickr.com\/photos\/suviseurat"]}]}},"_links":{"self":[{"href":"https:\/\/www.suviseurat.fi/2024\/wp-json\/wp\/v2\/pages\/834"}],"collection":[{"href":"https:\/\/www.suviseurat.fi/2024\/wp-json\/wp\/v2\/pages"}],"about":[{"href":"https:\/\/www.suviseurat.fi/2024\/wp-json\/wp\/v2\/types\/page"}],"author":[{"embeddable":true,"href":"https:\/\/www.suviseurat.fi/2024\/wp-json\/wp\/v2\/users\/19"}],"replies":[{"embeddable":true,"href":"https:\/\/www.suviseurat.fi/2024\/wp-json\/wp\/v2\/comments?post=834"}],"version-history":[{"count":14,"href":"https:\/\/www.suviseurat.fi/2024\/wp-json\/wp\/v2\/pages\/834\/revisions"}],"predecessor-version":[{"id":20863,"href":"https:\/\/www.suviseurat.fi/2024\/wp-json\/wp\/v2\/pages\/834\/revisions\/20863"}],"up":[{"embeddable":true,"href":"https:\/\/www.suviseurat.fi/2024\/wp-json\/wp\/v2\/pages\/738"}],"wp:attachment":[{"href":"https:\/\/www.suviseurat.fi/2024\/wp-json\/wp\/v2\/media?parent=834"}],"curies":[{"name":"wp","href":"https:\/\/api.w.org\/{rel}","templated":true}]}}