{"id":9662,"date":"2022-06-13T21:13:51","date_gmt":"2022-06-13T18:13:51","guid":{"rendered":"https:\/\/www.suviseurat.fi/2024\/?page_id=9662"},"modified":"2024-05-26T15:50:06","modified_gmt":"2024-05-26T12:50:06","slug":"autoilijan-avuksi","status":"publish","type":"page","link":"https:\/\/www.suviseurat.fi/2024\/liikenne\/autoilijan-avuksi\/","title":{"rendered":"Autoilijan avuksi"},"content":{"rendered":"\n<div id=\"contentsContainer\" class=\"style-scope qowt-page\">\n<div id=\"contents\" class=\"style-scope qowt-page\">\n<p><span id=\"E161\">Liikennetoimisto (klo 07-02) p. 040 1320 700<\/span><\/p>\n<p><span style=\"font-size: revert\">Liikennep\u00e4ivystys (24 h) p. 040 1320 702<\/span><\/p>\n<p>\u00a0<\/p>\n<h2 id=\"E104\" class=\"qowt-stl-Heading2 x-scope qowt-word-para-0\" role=\"heading\"><strong><span id=\"E105\">Huoltoyhteystietoja<\/span><\/strong><\/h2>\n<p><strong>Korjaamopalvelut Pudasj\u00e4rvell\u00e4<\/strong><\/p>\n<p><span style=\"font-weight: 400\">Autohuolto Miksa Oy: 040 748 2182 (p\u00e4ivystys)<\/span><\/p>\n<p><span style=\"font-weight: 400\">Vianor Oy: 010 401 3910, 050 444 2154 (p\u00e4ivystys)<\/span><\/p>\n<p><span style=\"font-weight: 400\">Tmi Jukka Illikainen: 040 963 9783<\/span><\/p>\n<p><span style=\"font-weight: 400\">TK Ojala Ky: 040 912 0356 (p\u00e4ivystys)<\/span><\/p>\n<p><span style=\"font-weight: 400\">Reino Malmi: 0400 223 817<\/span><\/p>\n<p><span style=\"font-weight: 400\">Autohitsi Mika Luokkanen: 0400 998 361<\/span><\/p>\n<p><strong><br \/>Kaasulaitehuolto<\/strong><\/p>\n<p><span style=\"font-weight: 400\">Alueella ei ole p\u00e4ivyst\u00e4v\u00e4\u00e4 kaasulaitehuoltoa.\u00a0<\/span><span style=\"font-weight: 400\">L\u00e4himm\u00e4t kaasulaitehuoltoa tarjoavat liikkeet l\u00f6ytyv\u00e4t Oulun seudulta.<\/span><\/p>\n<p id=\"E146\" class=\"x-scope qowt-word-para-0\">\u00a0<\/p>\n<h2 id=\"E150\" class=\"qowt-stl-Heading2 x-scope qowt-word-para-0\" role=\"heading\"><strong><span id=\"E151\">Veto- ja k\u00e4ynnistysapu<\/span><\/strong><\/h2>\n<p><span style=\"font-weight: 400\">Vetoapua ja hinausta annetaan suviseura-alueella ensisijaisesti kent\u00e4n <\/span><span style=\"font-weight: 400\">olosuhteista johtuen t\u00e4ytt\u00f6- ja poistumisvaiheessa. Tarvittaessa my\u00f6s rikkoutunut <\/span><span style=\"font-weight: 400\">ajoneuvo voidaan hinata majoitusalueelta ymp\u00e4r\u00f6iv\u00e4n tiest\u00f6n varteen, <\/span><span style=\"font-weight: 400\">josta eteenp\u00e4in asiakas j\u00e4rjest\u00e4\u00e4 kuljetuksen itse. Ajoneuvon rikkoutuessa <\/span><span style=\"font-weight: 400\">kuljetuksen voi tilata seuraavilta yrityksilt\u00e4:<\/span><\/p>\n<p><span style=\"font-weight: 400\">Ietin Rattaat Ky: 0400 389 015 (p\u00e4ivystys)<\/span><\/p>\n<p><span style=\"font-weight: 400\">Autohuolto Miksa Oy: 0400 197 680 (p\u00e4ivystys)<\/span><\/p>\n<p><strong><br \/>K\u00e4ynnistysapu ja akut<\/strong><\/p>\n<p><span style=\"font-weight: 400\">Koskitraktori Oy: 040 481 4711<\/span><\/p>\n<\/div>\n<\/div>\n","protected":false},"excerpt":{"rendered":"<p>Liikennetoimisto (klo 07-02) p. 040 1320 700 Liikennep\u00e4ivystys (24 h) p. 040 1320 702 \u00a0<a class=\"moretag\" href=\"https:\/\/www.suviseurat.fi/2024\/liikenne\/autoilijan-avuksi\/\">Jatka lukemista ><\/a><\/p>\n","protected":false},"author":21,"featured_media":0,"parent":4199,"menu_order":7,"comment_status":"closed","ping_status":"closed","template":"","meta":{"_acf_changed":false,"footnotes":""},"class_list":["post-9662","page","type-page","status-publish","hentry"],"acf":[],"yoast_head":"<!-- This site is optimized with the Yoast SEO plugin v23.3 - https:\/\/yoast.com\/wordpress\/plugins\/seo\/ -->\n<title>Autoilijan avuksi - SRK:n Suviseurat Pudasj\u00e4rvell\u00e4 2024<\/title>\n<meta name=\"description\" content=\"Liikennetoimisto (klo 07-02) p. 040 1320 700 Liikennep\u00e4ivystys (24 h) p. 040 1320 702 \u00a0 Huoltoyhteystietoja Korjaamopalvelut Pudasj\u00e4rvell\u00e4 Autohuolto\" \/>\n<meta name=\"robots\" content=\"index, follow, max-snippet:-1, max-image-preview:large, max-video-preview:-1\" \/>\n<link rel=\"canonical\" href=\"https:\/\/www.suviseurat.fi/2024\/liikenne\/autoilijan-avuksi\/\" \/>\n<meta property=\"og:locale\" content=\"fi_FI\" \/>\n<meta property=\"og:type\" content=\"article\" \/>\n<meta property=\"og:title\" content=\"Autoilijan avuksi - SRK:n Suviseurat Pudasj\u00e4rvell\u00e4 2024\" \/>\n<meta property=\"og:description\" content=\"Liikennetoimisto (klo 07-02) p. 040 1320 700 Liikennep\u00e4ivystys (24 h) p. 040 1320 702 \u00a0 Huoltoyhteystietoja Korjaamopalvelut Pudasj\u00e4rvell\u00e4 Autohuolto\" \/>\n<meta property=\"og:url\" content=\"https:\/\/www.suviseurat.fi/2024\/liikenne\/autoilijan-avuksi\/\" \/>\n<meta property=\"og:site_name\" content=\"SRK:n Suviseurat Pudasj\u00e4rvell\u00e4 2024\" \/>\n<meta property=\"article:publisher\" content=\"https:\/\/www.facebook.com\/SRKryNyt\/\" \/>\n<meta property=\"article:modified_time\" content=\"2024-05-26T12:50:06+00:00\" \/>\n<meta name=\"twitter:card\" content=\"summary_large_image\" \/>\n<meta name=\"twitter:site\" content=\"@Suviseurat\" \/>\n<meta name=\"twitter:label1\" content=\"Arvioitu lukuaika\" \/>\n\t<meta name=\"twitter:data1\" content=\"1 minuutti\" \/>\n<script type=\"application\/ld+json\" class=\"yoast-schema-graph\">{\"@context\":\"https:\/\/schema.org\",\"@graph\":[{\"@type\":\"WebPage\",\"@id\":\"https:\/\/www.suviseurat.fi/2024\/liikenne\/autoilijan-avuksi\/\",\"url\":\"https:\/\/www.suviseurat.fi/2024\/liikenne\/autoilijan-avuksi\/\",\"name\":\"Autoilijan avuksi - SRK:n Suviseurat Pudasj\u00e4rvell\u00e4 2024\",\"isPartOf\":{\"@id\":\"https:\/\/www.suviseurat.fi/2024\/#website\"},\"datePublished\":\"2022-06-13T18:13:51+00:00\",\"dateModified\":\"2024-05-26T12:50:06+00:00\",\"description\":\"Liikennetoimisto (klo 07-02) p. 040 1320 700 Liikennep\u00e4ivystys (24 h) p. 040 1320 702 \u00a0 Huoltoyhteystietoja Korjaamopalvelut Pudasj\u00e4rvell\u00e4 Autohuolto\",\"breadcrumb\":{\"@id\":\"https:\/\/www.suviseurat.fi/2024\/liikenne\/autoilijan-avuksi\/#breadcrumb\"},\"inLanguage\":\"fi\",\"potentialAction\":[{\"@type\":\"ReadAction\",\"target\":[\"https:\/\/www.suviseurat.fi/2024\/liikenne\/autoilijan-avuksi\/\"]}]},{\"@type\":\"BreadcrumbList\",\"@id\":\"https:\/\/www.suviseurat.fi/2024\/liikenne\/autoilijan-avuksi\/#breadcrumb\",\"itemListElement\":[{\"@type\":\"ListItem\",\"position\":1,\"name\":\"Etusivu\",\"item\":\"https:\/\/www.suviseurat.fi/2024\/\"},{\"@type\":\"ListItem\",\"position\":2,\"name\":\"Liikenne\",\"item\":\"https:\/\/www.suviseurat.fi/2024\/liikenne\/\"},{\"@type\":\"ListItem\",\"position\":3,\"name\":\"Autoilijan avuksi\"}]},{\"@type\":\"WebSite\",\"@id\":\"https:\/\/www.suviseurat.fi/2024\/#website\",\"url\":\"https:\/\/www.suviseurat.fi/2024\/\",\"name\":\"SRK:n Suviseurat Pudasj\u00e4rvell\u00e4 2024\",\"description\":\"Olenko min\u00e4 sinulle rakas?\",\"publisher\":{\"@id\":\"https:\/\/www.suviseurat.fi/2024\/#organization\"},\"potentialAction\":[{\"@type\":\"SearchAction\",\"target\":{\"@type\":\"EntryPoint\",\"urlTemplate\":\"https:\/\/www.suviseurat.fi/2024\/?s={search_term_string}\"},\"query-input\":\"required name=search_term_string\"}],\"inLanguage\":\"fi\"},{\"@type\":\"Organization\",\"@id\":\"https:\/\/www.suviseurat.fi/2024\/#organization\",\"name\":\"Suviseurat\",\"url\":\"https:\/\/www.suviseurat.fi/2024\/\",\"logo\":{\"@type\":\"ImageObject\",\"inLanguage\":\"fi\",\"@id\":\"https:\/\/www.suviseurat.fi/2024\/#\/schema\/logo\/image\/\",\"url\":\"https:\/\/www.suviseurat.fi/2024\/wp-content\/uploads\/2023\/10\/tunnus-nelio.jpg\",\"contentUrl\":\"https:\/\/www.suviseurat.fi/2024\/wp-content\/uploads\/2023\/10\/tunnus-nelio.jpg\",\"width\":1000,\"height\":1000,\"caption\":\"Suviseurat\"},\"image\":{\"@id\":\"https:\/\/www.suviseurat.fi/2024\/#\/schema\/logo\/image\/\"},\"sameAs\":[\"https:\/\/www.facebook.com\/SRKryNyt\/\",\"https:\/\/x.com\/Suviseurat\",\"https:\/\/www.facebook.com\/srksuviseurat\/\",\"https:\/\/www.youtube.com\/@SRKnyt\",\"https:\/\/www.instagram.com\/srk_nyt\/\",\"https:\/\/www.flickr.com\/photos\/suviseurat\"]}]}<\/script>\n<!-- \/ Yoast SEO plugin. -->","yoast_head_json":{"title":"Autoilijan avuksi - SRK:n Suviseurat Pudasj\u00e4rvell\u00e4 2024","description":"Liikennetoimisto (klo 07-02) p. 040 1320 700 Liikennep\u00e4ivystys (24 h) p. 040 1320 702 \u00a0 Huoltoyhteystietoja Korjaamopalvelut Pudasj\u00e4rvell\u00e4 Autohuolto","robots":{"index":"index","follow":"follow","max-snippet":"max-snippet:-1","max-image-preview":"max-image-preview:large","max-video-preview":"max-video-preview:-1"},"canonical":"https:\/\/www.suviseurat.fi/2024\/liikenne\/autoilijan-avuksi\/","og_locale":"fi_FI","og_type":"article","og_title":"Autoilijan avuksi - SRK:n Suviseurat Pudasj\u00e4rvell\u00e4 2024","og_description":"Liikennetoimisto (klo 07-02) p. 040 1320 700 Liikennep\u00e4ivystys (24 h) p. 040 1320 702 \u00a0 Huoltoyhteystietoja Korjaamopalvelut Pudasj\u00e4rvell\u00e4 Autohuolto","og_url":"https:\/\/www.suviseurat.fi/2024\/liikenne\/autoilijan-avuksi\/","og_site_name":"SRK:n Suviseurat Pudasj\u00e4rvell\u00e4 2024","article_publisher":"https:\/\/www.facebook.com\/SRKryNyt\/","article_modified_time":"2024-05-26T12:50:06+00:00","twitter_card":"summary_large_image","twitter_site":"@Suviseurat","twitter_misc":{"Arvioitu lukuaika":"1 minuutti"},"schema":{"@context":"https:\/\/schema.org","@graph":[{"@type":"WebPage","@id":"https:\/\/www.suviseurat.fi/2024\/liikenne\/autoilijan-avuksi\/","url":"https:\/\/www.suviseurat.fi/2024\/liikenne\/autoilijan-avuksi\/","name":"Autoilijan avuksi - SRK:n Suviseurat Pudasj\u00e4rvell\u00e4 2024","isPartOf":{"@id":"https:\/\/www.suviseurat.fi/2024\/#website"},"datePublished":"2022-06-13T18:13:51+00:00","dateModified":"2024-05-26T12:50:06+00:00","description":"Liikennetoimisto (klo 07-02) p. 040 1320 700 Liikennep\u00e4ivystys (24 h) p. 040 1320 702 \u00a0 Huoltoyhteystietoja Korjaamopalvelut Pudasj\u00e4rvell\u00e4 Autohuolto","breadcrumb":{"@id":"https:\/\/www.suviseurat.fi/2024\/liikenne\/autoilijan-avuksi\/#breadcrumb"},"inLanguage":"fi","potentialAction":[{"@type":"ReadAction","target":["https:\/\/www.suviseurat.fi/2024\/liikenne\/autoilijan-avuksi\/"]}]},{"@type":"BreadcrumbList","@id":"https:\/\/www.suviseurat.fi/2024\/liikenne\/autoilijan-avuksi\/#breadcrumb","itemListElement":[{"@type":"ListItem","position":1,"name":"Etusivu","item":"https:\/\/www.suviseurat.fi/2024\/"},{"@type":"ListItem","position":2,"name":"Liikenne","item":"https:\/\/www.suviseurat.fi/2024\/liikenne\/"},{"@type":"ListItem","position":3,"name":"Autoilijan avuksi"}]},{"@type":"WebSite","@id":"https:\/\/www.suviseurat.fi/2024\/#website","url":"https:\/\/www.suviseurat.fi/2024\/","name":"SRK:n Suviseurat Pudasj\u00e4rvell\u00e4 2024","description":"Olenko min\u00e4 sinulle rakas?","publisher":{"@id":"https:\/\/www.suviseurat.fi/2024\/#organization"},"potentialAction":[{"@type":"SearchAction","target":{"@type":"EntryPoint","urlTemplate":"https:\/\/www.suviseurat.fi/2024\/?s={search_term_string}"},"query-input":"required name=search_term_string"}],"inLanguage":"fi"},{"@type":"Organization","@id":"https:\/\/www.suviseurat.fi/2024\/#organization","name":"Suviseurat","url":"https:\/\/www.suviseurat.fi/2024\/","logo":{"@type":"ImageObject","inLanguage":"fi","@id":"https:\/\/www.suviseurat.fi/2024\/#\/schema\/logo\/image\/","url":"https:\/\/www.suviseurat.fi/2024\/wp-content\/uploads\/2023\/10\/tunnus-nelio.jpg","contentUrl":"https:\/\/www.suviseurat.fi/2024\/wp-content\/uploads\/2023\/10\/tunnus-nelio.jpg","width":1000,"height":1000,"caption":"Suviseurat"},"image":{"@id":"https:\/\/www.suviseurat.fi/2024\/#\/schema\/logo\/image\/"},"sameAs":["https:\/\/www.facebook.com\/SRKryNyt\/","https:\/\/x.com\/Suviseurat","https:\/\/www.facebook.com\/srksuviseurat\/","https:\/\/www.youtube.com\/@SRKnyt","https:\/\/www.instagram.com\/srk_nyt\/","https:\/\/www.flickr.com\/photos\/suviseurat"]}]}},"_links":{"self":[{"href":"https:\/\/www.suviseurat.fi/2024\/wp-json\/wp\/v2\/pages\/9662"}],"collection":[{"href":"https:\/\/www.suviseurat.fi/2024\/wp-json\/wp\/v2\/pages"}],"about":[{"href":"https:\/\/www.suviseurat.fi/2024\/wp-json\/wp\/v2\/types\/page"}],"author":[{"embeddable":true,"href":"https:\/\/www.suviseurat.fi/2024\/wp-json\/wp\/v2\/users\/21"}],"replies":[{"embeddable":true,"href":"https:\/\/www.suviseurat.fi/2024\/wp-json\/wp\/v2\/comments?post=9662"}],"version-history":[{"count":21,"href":"https:\/\/www.suviseurat.fi/2024\/wp-json\/wp\/v2\/pages\/9662\/revisions"}],"predecessor-version":[{"id":19778,"href":"https:\/\/www.suviseurat.fi/2024\/wp-json\/wp\/v2\/pages\/9662\/revisions\/19778"}],"up":[{"embeddable":true,"href":"https:\/\/www.suviseurat.fi/2024\/wp-json\/wp\/v2\/pages\/4199"}],"wp:attachment":[{"href":"https:\/\/www.suviseurat.fi/2024\/wp-json\/wp\/v2\/media?parent=9662"}],"curies":[{"name":"wp","href":"https:\/\/api.w.org\/{rel}","templated":true}]}}